CRAN Package Check Results for Package EDMeasure

Last updated on 2021-10-27 16:49:02 CEST.

Flavor Version Tinstall Tcheck Ttotal Status Flags
r-devel-linux-x86_64-debian-clang 1.2.0 6.83 36.99 43.82 NOTE
r-devel-linux-x86_64-debian-gcc 1.2.0 4.95 27.66 32.61 NOTE
r-devel-linux-x86_64-fedora-clang 1.2.0 65.08 NOTE
r-devel-linux-x86_64-fedora-gcc 1.2.0 50.94 NOTE
r-devel-windows-x86_64 1.2.0 12.00 64.00 76.00 NOTE
r-devel-windows-x86_64-gcc10-UCRT 1.2.0 NOTE
r-patched-linux-x86_64 1.2.0 6.21 34.59 40.80 NOTE
r-patched-solaris-x86 1.2.0 79.90 NOTE
r-release-linux-x86_64 1.2.0 6.91 34.78 41.69 NOTE
r-release-macos-arm64 1.2.0 NOTE
r-release-macos-x86_64 1.2.0 NOTE
r-release-windows-ix86+x86_64 1.2.0 15.00 71.00 86.00 NOTE
r-oldrel-macos-x86_64 1.2.0 OK
r-oldrel-windows-ix86+x86_64 1.2.0 19.00 84.00 103.00 OK

Check Details

Version: 1.2.0
Check: LazyData
Result: NOTE
     'LazyData' is specified without a 'data' directory
Flavors: r-devel-linux-x86_64-debian-clang, r-devel-linux-x86_64-debian-gcc, r-devel-linux-x86_64-fedora-clang, r-devel-linux-x86_64-fedora-gcc, r-devel-windows-x86_64, r-devel-windows-x86_64-gcc10-UCRT, r-patched-linux-x86_64, r-patched-solaris-x86, r-release-linux-x86_64, r-release-macos-arm64, r-release-macos-x86_64, r-release-windows-ix86+x86_64