CRAN Package Check Results for Package ECTTDNN

Last updated on 2021-12-07 23:54:27 CET.

Flavor Version Tinstall Tcheck Ttotal Status Flags
r-devel-linux-x86_64-debian-clang 0.1.0 6.62 76.17 82.79 NOTE
r-devel-linux-x86_64-debian-gcc 0.1.0 4.92 56.93 61.85 NOTE
r-devel-linux-x86_64-fedora-clang 0.1.0 99.93 NOTE
r-devel-linux-x86_64-fedora-gcc 0.1.0 85.32 NOTE
r-devel-windows-x86_64-new-UL 0.1.0 13.00 103.00 116.00 NOTE
r-devel-windows-x86_64-new-TK 0.1.0 NOTE
r-devel-windows-x86_64-old 0.1.0 13.00 88.00 101.00 NOTE
r-patched-linux-x86_64 0.1.0 6.36 69.09 75.45 NOTE
r-release-linux-x86_64 0.1.0 5.99 68.18 74.17 NOTE
r-release-macos-arm64 0.1.0 NOTE
r-release-macos-x86_64 0.1.0 NOTE
r-release-windows-ix86+x86_64 0.1.0 14.00 86.00 100.00 NOTE
r-oldrel-macos-x86_64 0.1.0 OK
r-oldrel-windows-ix86+x86_64 0.1.0 18.00 88.00 106.00 OK

Check Details

Version: 0.1.0
Check: LazyData
Result: NOTE
     'LazyData' is specified without a 'data' directory
Flavors: r-devel-linux-x86_64-debian-clang, r-devel-linux-x86_64-debian-gcc, r-devel-linux-x86_64-fedora-clang, r-devel-linux-x86_64-fedora-gcc, r-devel-windows-x86_64-new-UL, r-devel-windows-x86_64-new-TK, r-devel-windows-x86_64-old, r-patched-linux-x86_64, r-release-linux-x86_64, r-release-macos-arm64, r-release-macos-x86_64, r-release-windows-ix86+x86_64