CRAN Package Check Results for Package EAinference

Last updated on 2022-08-15 21:54:35 CEST.

Flavor Version Tinstall Tcheck Ttotal Status Flags
r-devel-linux-x86_64-debian-clang 0.2.3 40.65 243.98 284.63 NOTE
r-devel-linux-x86_64-debian-gcc 0.2.3 32.76 186.24 219.00 NOTE
r-devel-linux-x86_64-fedora-clang 0.2.3 350.26 NOTE
r-devel-linux-x86_64-fedora-gcc 0.2.3 376.21 NOTE
r-devel-windows-x86_64 0.2.3 50.00 296.00 346.00 NOTE
r-patched-linux-x86_64 0.2.3 32.77 234.78 267.55 NOTE
r-release-linux-x86_64 0.2.3 30.01 240.12 270.13 NOTE
r-release-macos-arm64 0.2.3 77.00 NOTE
r-release-macos-x86_64 0.2.3 117.00 NOTE
r-release-windows-x86_64 0.2.3 45.00 296.00 341.00 NOTE
r-oldrel-macos-arm64 0.2.3 93.00 NOTE
r-oldrel-macos-x86_64 0.2.3 145.00 NOTE
r-oldrel-windows-ix86+x86_64 0.2.3 92.00 450.00 542.00 NOTE

Check Details

Version: 0.2.3
Check: LazyData
Result: NOTE
     'LazyData' is specified without a 'data' directory
Flavors: r-devel-linux-x86_64-debian-clang, r-devel-linux-x86_64-debian-gcc, r-devel-linux-x86_64-fedora-clang, r-devel-linux-x86_64-fedora-gcc, r-devel-windows-x86_64, r-patched-linux-x86_64, r-release-linux-x86_64, r-release-macos-arm64, r-release-macos-x86_64, r-release-windows-x86_64, r-oldrel-macos-arm64, r-oldrel-macos-x86_64, r-oldrel-windows-ix86+x86_64