CRAN Package Check Results for Package EAinference

Last updated on 2021-10-20 04:55:18 CEST.

Flavor Version Tinstall Tcheck Ttotal Status Flags
r-devel-linux-x86_64-debian-clang 0.2.3 33.72 225.35 259.07 NOTE
r-devel-linux-x86_64-debian-gcc 0.2.3 26.26 170.65 196.91 NOTE
r-devel-linux-x86_64-fedora-clang 0.2.3 334.86 NOTE
r-devel-linux-x86_64-fedora-gcc 0.2.3 322.56 NOTE
r-devel-windows-x86_64 0.2.3 50.00 262.00 312.00 NOTE
r-devel-windows-x86_64-gcc10-UCRT 0.2.3 NOTE
r-patched-linux-x86_64 0.2.3 32.90 215.65 248.55 NOTE
r-patched-solaris-x86 0.2.3 403.80 NOTE
r-release-linux-x86_64 0.2.3 32.40 219.99 252.39 NOTE
r-release-macos-arm64 0.2.3 NOTE
r-release-macos-x86_64 0.2.3 NOTE
r-release-windows-ix86+x86_64 0.2.3 71.00 433.00 504.00 NOTE
r-oldrel-macos-x86_64 0.2.3 OK
r-oldrel-windows-ix86+x86_64 0.2.3 92.00 463.00 555.00 OK

Check Details

Version: 0.2.3
Check: LazyData
Result: NOTE
     'LazyData' is specified without a 'data' directory
Flavors: r-devel-linux-x86_64-debian-clang, r-devel-linux-x86_64-debian-gcc, r-devel-linux-x86_64-fedora-clang, r-devel-linux-x86_64-fedora-gcc, r-devel-windows-x86_64, r-devel-windows-x86_64-gcc10-UCRT, r-patched-linux-x86_64, r-patched-solaris-x86, r-release-linux-x86_64, r-release-macos-arm64, r-release-macos-x86_64, r-release-windows-ix86+x86_64