CRAN Package Check Results for Package E4tools

Last updated on 2021-09-24 04:51:39 CEST.

Flavor Version Tinstall Tcheck Ttotal Status Flags
r-devel-linux-x86_64-debian-clang 0.1.1 5.23 50.68 55.91 NOTE
r-devel-linux-x86_64-debian-gcc 0.1.1 4.37 38.30 42.67 NOTE
r-devel-linux-x86_64-fedora-clang 0.1.1 77.20 NOTE
r-devel-linux-x86_64-fedora-gcc 0.1.1 61.83 NOTE
r-devel-windows-x86_64 0.1.1 5.00 58.00 63.00 NOTE
r-devel-windows-x86_64-gcc10-UCRT 0.1.1 NOTE
r-patched-linux-x86_64 0.1.1 5.55 47.23 52.78 NOTE
r-patched-solaris-x86 0.1.1 95.40 NOTE
r-release-linux-x86_64 0.1.1 5.35 47.41 52.76 NOTE
r-release-macos-arm64 0.1.1 NOTE
r-release-macos-x86_64 0.1.1 NOTE
r-release-windows-ix86+x86_64 0.1.1 11.00 71.00 82.00 NOTE
r-oldrel-macos-x86_64 0.1.1 NOTE
r-oldrel-windows-ix86+x86_64 0.1.1 8.00 55.00 63.00 OK

Check Details

Version: 0.1.1
Check: LazyData
Result: NOTE
     'LazyData' is specified without a 'data' directory
Flavors: r-devel-linux-x86_64-debian-clang, r-devel-linux-x86_64-debian-gcc, r-devel-linux-x86_64-fedora-clang, r-devel-linux-x86_64-fedora-gcc, r-devel-windows-x86_64, r-devel-windows-x86_64-gcc10-UCRT, r-patched-linux-x86_64, r-patched-solaris-x86, r-release-linux-x86_64, r-release-macos-arm64, r-release-macos-x86_64, r-release-windows-ix86+x86_64

Version: 0.1.1
Check: installed package size
Result: NOTE
     installed size is 5.1Mb
     sub-directories of 1Mb or more:
     extdata 4.8Mb
Flavors: r-devel-linux-x86_64-fedora-clang, r-patched-solaris-x86

Version: 0.1.1
Check: dependencies in R code
Result: NOTE
    Namespace in Imports field not imported from: ‘hms’
     All declared Imports should be used.
Flavors: r-devel-linux-x86_64-fedora-clang, r-devel-linux-x86_64-fedora-gcc, r-devel-windows-x86_64-gcc10-UCRT, r-patched-solaris-x86, r-release-macos-arm64, r-release-macos-x86_64, r-oldrel-macos-x86_64