CRAN Package Check Results for Package DynNom

Last updated on 2021-10-27 16:49:02 CEST.

Flavor Version Tinstall Tcheck Ttotal Status Flags
r-devel-linux-x86_64-debian-clang 5.0.1 16.11 121.73 137.84 NOTE
r-devel-linux-x86_64-debian-gcc 5.0.1 12.71 91.87 104.58 NOTE
r-devel-linux-x86_64-fedora-clang 5.0.1 176.69 NOTE
r-devel-linux-x86_64-fedora-gcc 5.0.1 159.22 NOTE
r-devel-windows-x86_64 5.0.1 27.00 158.00 185.00 NOTE
r-devel-windows-x86_64-gcc10-UCRT 5.0.1 NOTE
r-patched-linux-x86_64 5.0.1 13.82 115.30 129.12 NOTE
r-patched-solaris-x86 5.0.1 236.80 NOTE
r-release-linux-x86_64 5.0.1 14.49 113.91 128.40 NOTE
r-release-macos-arm64 5.0.1 NOTE
r-release-macos-x86_64 5.0.1 NOTE
r-release-windows-ix86+x86_64 5.0.1 30.00 150.00 180.00 NOTE
r-oldrel-macos-x86_64 5.0.1 OK
r-oldrel-windows-ix86+x86_64 5.0.1 39.00 159.00 198.00 OK

Check Details

Version: 5.0.1
Check: LazyData
Result: NOTE
     'LazyData' is specified without a 'data' directory
Flavors: r-devel-linux-x86_64-debian-clang, r-devel-linux-x86_64-debian-gcc, r-devel-linux-x86_64-fedora-clang, r-devel-linux-x86_64-fedora-gcc, r-devel-windows-x86_64, r-devel-windows-x86_64-gcc10-UCRT, r-patched-linux-x86_64, r-patched-solaris-x86, r-release-linux-x86_64, r-release-macos-arm64, r-release-macos-x86_64, r-release-windows-ix86+x86_64