Last updated on 2022-07-06 05:54:00 CEST.
Flavor | Version | Tinstall | Tcheck | Ttotal | Status | Flags |
---|---|---|---|---|---|---|
r-devel-linux-x86_64-debian-clang | 0.1.4 | 25.11 | 225.97 | 251.08 | OK | |
r-devel-linux-x86_64-debian-gcc | 0.1.4 | 18.01 | 205.24 | 223.25 | OK | |
r-devel-linux-x86_64-fedora-clang | 0.1.4 | 299.58 | NOTE | |||
r-devel-linux-x86_64-fedora-gcc | 0.1.4 | 327.89 | NOTE | |||
r-devel-windows-x86_64 | 0.1.4 | 206.00 | 233.00 | 439.00 | OK | |
r-patched-linux-x86_64 | 0.1.4 | 16.23 | 213.18 | 229.41 | OK | |
r-release-linux-x86_64 | 0.1.4 | 17.24 | 219.73 | 236.97 | OK | |
r-release-macos-arm64 | 0.1.4 | 83.00 | NOTE | |||
r-release-macos-x86_64 | 0.1.4 | 130.00 | NOTE | |||
r-release-windows-x86_64 | 0.1.4 | 263.00 | 260.00 | 523.00 | OK | |
r-oldrel-macos-arm64 | 0.1.4 | 88.00 | NOTE | |||
r-oldrel-macos-x86_64 | 0.1.4 | 104.00 | NOTE | |||
r-oldrel-windows-ix86+x86_64 | 0.1.4 | 50.00 | 231.00 | 281.00 | OK |
Version: 0.1.4
Check: data for non-ASCII characters
Result: NOTE
Note: found 8 marked UTF-8 strings
Flavors: r-devel-linux-x86_64-fedora-clang, r-devel-linux-x86_64-fedora-gcc, r-release-macos-arm64, r-release-macos-x86_64, r-oldrel-macos-arm64, r-oldrel-macos-x86_64