CRAN Package Check Results for Package DoubleML

Last updated on 2022-01-23 00:57:09 CET.

Flavor Version Tinstall Tcheck Ttotal Status Flags
r-devel-linux-x86_64-debian-clang 0.4.1 12.90 312.78 325.68 OK
r-devel-linux-x86_64-debian-gcc 0.4.1 11.83 219.15 230.98 OK
r-devel-linux-x86_64-fedora-clang 0.4.1 355.97 OK
r-devel-linux-x86_64-fedora-gcc 0.4.1 245.78 OK
r-devel-windows-x86_64-new-UL 0.4.1 201.00 380.00 581.00 OK
r-devel-windows-x86_64-new-TK 0.4.1 NOTE
r-patched-linux-x86_64 0.4.1 12.16 280.38 292.54 OK
r-release-linux-x86_64 0.4.1 11.95 291.61 303.56 OK
r-release-macos-arm64 0.4.1 OK
r-release-macos-x86_64 0.4.1 OK
r-release-windows-ix86+x86_64 0.4.1 29.00 337.00 366.00 OK
r-oldrel-macos-x86_64 0.4.1 OK
r-oldrel-windows-ix86+x86_64 0.4.1 28.00 346.00 374.00 OK

Check Details

Version: 0.4.1
Check: package dependencies
Result: NOTE
    Package suggested but not available for checking: 'AER'
Flavor: r-devel-windows-x86_64-new-TK