CRAN Package Check Results for Package Dodge

Last updated on 2021-09-23 04:56:20 CEST.

Flavor Version Tinstall Tcheck Ttotal Status Flags
r-devel-linux-x86_64-debian-clang 0.9-2 2.63 23.95 26.58 OK
r-devel-linux-x86_64-debian-gcc 0.9-2 1.92 18.65 20.57 OK
r-devel-linux-x86_64-fedora-clang 0.9-2 42.73 OK
r-devel-linux-x86_64-fedora-gcc 0.9-2 30.25 OK
r-devel-windows-x86_64 0.9-2 5.00 27.00 32.00 OK
r-devel-windows-x86_64-gcc10-UCRT 0.9-2 ERROR
r-patched-linux-x86_64 0.9-2 2.75 23.35 26.10 OK
r-patched-solaris-x86 0.9-2 45.00 OK
r-release-linux-x86_64 0.9-2 2.29 23.03 25.32 OK
r-release-macos-arm64 0.9-2 OK
r-release-macos-x86_64 0.9-2 OK
r-release-windows-ix86+x86_64 0.9-2 6.00 34.00 40.00 OK
r-oldrel-macos-x86_64 0.9-2 OK
r-oldrel-windows-ix86+x86_64 0.9-2 6.00 33.00 39.00 OK

Check Details

Version: 0.9-2
Check: PDF version of manual
Result: WARN
    LaTeX errors when creating PDF version.
    This typically indicates Rd problems.
Flavor: r-devel-windows-x86_64-gcc10-UCRT

Version: 0.9-2
Check: PDF version of manual without hyperrefs or index
Result: ERROR
    Re-running with no redirection of stdout/stderr.
Flavor: r-devel-windows-x86_64-gcc10-UCRT