CRAN Package Check Results for Package DoE.wrapper

Last updated on 2021-09-26 04:50:29 CEST.

Flavor Version Tinstall Tcheck Ttotal Status Flags
r-devel-linux-x86_64-debian-clang 0.11 5.68 93.78 99.46 NOTE
r-devel-linux-x86_64-debian-gcc 0.11 4.69 72.25 76.94 NOTE
r-devel-linux-x86_64-fedora-clang 0.11 128.16 NOTE
r-devel-linux-x86_64-fedora-gcc 0.11 125.81 NOTE
r-devel-windows-x86_64 0.11 10.00 92.00 102.00 NOTE
r-devel-windows-x86_64-gcc10-UCRT 0.11 NOTE
r-patched-linux-x86_64 0.11 10.45 89.84 100.29 NOTE
r-patched-solaris-x86 0.11 174.60 NOTE
r-release-linux-x86_64 0.11 6.67 90.05 96.72 NOTE
r-release-macos-arm64 0.11 NOTE
r-release-macos-x86_64 0.11 NOTE
r-release-windows-ix86+x86_64 0.11 23.00 113.00 136.00 NOTE
r-oldrel-macos-x86_64 0.11 OK
r-oldrel-windows-ix86+x86_64 0.11 15.00 86.00 101.00 OK

Check Details

Version: 0.11
Check: LazyData
Result: NOTE
     'LazyData' is specified without a 'data' directory
Flavors: r-devel-linux-x86_64-debian-clang, r-devel-linux-x86_64-debian-gcc, r-devel-linux-x86_64-fedora-clang, r-devel-linux-x86_64-fedora-gcc, r-devel-windows-x86_64, r-devel-windows-x86_64-gcc10-UCRT, r-patched-linux-x86_64, r-patched-solaris-x86, r-release-linux-x86_64, r-release-macos-arm64, r-release-macos-x86_64, r-release-windows-ix86+x86_64