CRAN Package Check Results for Package DoE.multi.response

Last updated on 2021-10-18 04:54:17 CEST.

Flavor Version Tinstall Tcheck Ttotal Status Flags
r-devel-linux-x86_64-debian-clang 0.1.0 4.38 70.85 75.23 NOTE
r-devel-linux-x86_64-debian-gcc 0.1.0 3.17 55.27 58.44 NOTE
r-devel-linux-x86_64-fedora-clang 0.1.0 100.19 NOTE
r-devel-linux-x86_64-fedora-gcc 0.1.0 91.95 NOTE
r-devel-windows-x86_64 0.1.0 15.00 97.00 112.00 NOTE
r-devel-windows-x86_64-gcc10-UCRT 0.1.0 NOTE
r-patched-linux-x86_64 0.1.0 3.46 67.23 70.69 NOTE
r-patched-solaris-x86 0.1.0 139.10 NOTE
r-release-linux-x86_64 0.1.0 3.94 67.36 71.30 NOTE
r-release-macos-arm64 0.1.0 NOTE
r-release-macos-x86_64 0.1.0 NOTE
r-release-windows-ix86+x86_64 0.1.0 15.00 97.00 112.00 NOTE
r-oldrel-macos-x86_64 0.1.0 OK
r-oldrel-windows-ix86+x86_64 0.1.0 19.00 98.00 117.00 OK

Check Details

Version: 0.1.0
Check: LazyData
Result: NOTE
     'LazyData' is specified without a 'data' directory
Flavors: r-devel-linux-x86_64-debian-clang, r-devel-linux-x86_64-debian-gcc, r-devel-linux-x86_64-fedora-clang, r-devel-linux-x86_64-fedora-gcc, r-devel-windows-x86_64, r-devel-windows-x86_64-gcc10-UCRT, r-patched-linux-x86_64, r-patched-solaris-x86, r-release-linux-x86_64, r-release-macos-arm64, r-release-macos-x86_64, r-release-windows-ix86+x86_64