CRAN Package Check Results for Package DoE.base

Last updated on 2021-07-31 19:51:22 CEST.

Flavor Version Tinstall Tcheck Ttotal Status Flags
r-devel-linux-x86_64-debian-clang 1.1-6 17.80 119.57 137.37 NOTE
r-devel-linux-x86_64-debian-gcc 1.1-6 13.35 87.60 100.95 NOTE
r-devel-linux-x86_64-fedora-clang 1.1-6 180.96 NOTE
r-devel-linux-x86_64-fedora-gcc 1.1-6 156.48 NOTE
r-devel-windows-x86_64 1.1-6 18.00 143.00 161.00 NOTE
r-devel-windows-x86_64-gcc10-UCRT 1.1-6 NOTE
r-patched-linux-x86_64 1.1-6 NOTE
r-patched-solaris-x86 1.1-6 193.60 NOTE
r-release-linux-x86_64 1.1-6 14.70 113.52 128.22 NOTE
r-release-macos-arm64 1.1-6 NOTE
r-release-macos-x86_64 1.1-6 NOTE
r-release-windows-ix86+x86_64 1.1-6 28.00 98.00 126.00 NOTE
r-oldrel-macos-x86_64 1.1-6 OK
r-oldrel-windows-ix86+x86_64 1.1-6 20.00 138.00 158.00 OK

Check Details

Version: 1.1-6
Check: LazyData
Result: NOTE
     'LazyData' is specified without a 'data' directory
Flavors: r-devel-linux-x86_64-debian-clang, r-devel-linux-x86_64-debian-gcc, r-devel-linux-x86_64-fedora-clang, r-devel-linux-x86_64-fedora-gcc, r-devel-windows-x86_64, r-devel-windows-x86_64-gcc10-UCRT, r-patched-linux-x86_64, r-patched-solaris-x86, r-release-linux-x86_64, r-release-macos-arm64, r-release-macos-x86_64, r-release-windows-ix86+x86_64