CRAN Package Check Results for Package DoE.MIParray

Last updated on 2021-07-26 19:49:15 CEST.

Flavor Version Tinstall Tcheck Ttotal Status Flags
r-devel-linux-x86_64-debian-clang 0.13 5.76 46.27 52.03 NOTE
r-devel-linux-x86_64-debian-gcc 0.13 4.39 36.89 41.28 NOTE
r-devel-linux-x86_64-fedora-clang 0.13 74.79 NOTE
r-devel-linux-x86_64-fedora-gcc 0.13 60.64 NOTE
r-devel-windows-x86_64 0.13 10.00 50.00 60.00 NOTE
r-devel-windows-x86_64-gcc10-UCRT 0.13 NOTE
r-patched-linux-x86_64 0.13 8.20 44.80 53.00 NOTE
r-patched-solaris-x86 0.13 84.90 NOTE
r-release-linux-x86_64 0.13 5.54 44.99 50.53 NOTE
r-release-macos-arm64 0.13 NOTE
r-release-macos-x86_64 0.13 NOTE
r-release-windows-ix86+x86_64 0.13 13.00 49.00 62.00 NOTE
r-oldrel-macos-x86_64 0.13 NOTE
r-oldrel-windows-ix86+x86_64 0.13 10.00 63.00 73.00 NOTE

Check Details

Version: 0.13
Check: package dependencies
Result: NOTE
    Package which this enhances but not available for checking: 'gurobi'
Flavors: r-devel-linux-x86_64-debian-clang, r-devel-linux-x86_64-debian-gcc, r-devel-linux-x86_64-fedora-clang, r-devel-linux-x86_64-fedora-gcc, r-devel-windows-x86_64, r-devel-windows-x86_64-gcc10-UCRT, r-patched-linux-x86_64, r-release-linux-x86_64, r-release-macos-arm64, r-release-macos-x86_64, r-release-windows-ix86+x86_64, r-oldrel-macos-x86_64, r-oldrel-windows-ix86+x86_64

Version: 0.13
Check: LazyData
Result: NOTE
     'LazyData' is specified without a 'data' directory
Flavors: r-devel-linux-x86_64-debian-clang, r-devel-linux-x86_64-debian-gcc, r-devel-linux-x86_64-fedora-clang, r-devel-linux-x86_64-fedora-gcc, r-devel-windows-x86_64, r-devel-windows-x86_64-gcc10-UCRT, r-patched-linux-x86_64, r-patched-solaris-x86, r-release-linux-x86_64, r-release-macos-arm64, r-release-macos-x86_64, r-release-windows-ix86+x86_64

Version: 0.13
Check: package dependencies
Result: NOTE
    Packages which this enhances but not available for checking:
     'gurobi', 'Rmosek'
Flavor: r-patched-solaris-x86