CRAN Package Check Results for Package DiversityOccupancy

Last updated on 2021-07-29 19:52:18 CEST.

Flavor Version Tinstall Tcheck Ttotal Status Flags
r-devel-linux-x86_64-debian-clang 1.0.6 OK
r-devel-linux-x86_64-debian-gcc 1.0.6 17.50 146.13 163.63 OK
r-devel-linux-x86_64-fedora-clang 1.0.6 267.38 OK
r-devel-linux-x86_64-fedora-gcc 1.0.6 243.47 OK
r-devel-windows-x86_64 1.0.6 21.00 211.00 232.00 OK
r-devel-windows-x86_64-gcc10-UCRT 1.0.6 OK
r-patched-linux-x86_64 1.0.6 20.28 176.22 196.50 OK
r-patched-solaris-x86 1.0.6 335.30 OK
r-release-linux-x86_64 1.0.6 18.26 175.92 194.18 OK
r-release-macos-arm64 1.0.6 ERROR
r-release-macos-x86_64 1.0.6 OK
r-release-windows-ix86+x86_64 1.0.6 47.00 200.00 247.00 OK
r-oldrel-macos-x86_64 1.0.6 OK
r-oldrel-windows-ix86+x86_64 1.0.6 51.00 226.00 277.00 OK

Check Details

Version: 1.0.6
Check: whether package can be installed
Result: ERROR
    Installation failed.
Flavor: r-release-macos-arm64