CRAN Package Check Results for Package DistributionFitR

Last updated on 2021-07-29 07:49:26 CEST.

Flavor Version Tinstall Tcheck Ttotal Status Flags
r-devel-linux-x86_64-debian-clang 0.1 NOTE
r-devel-linux-x86_64-debian-gcc 0.1 4.06 34.23 38.29 NOTE
r-devel-linux-x86_64-fedora-clang 0.1 69.79 NOTE
r-devel-linux-x86_64-fedora-gcc 0.1 66.60 NOTE
r-devel-windows-x86_64 0.1 8.00 74.00 82.00 NOTE
r-devel-windows-x86_64-gcc10-UCRT 0.1 NOTE
r-patched-linux-x86_64 0.1 4.98 41.02 46.00 NOTE
r-patched-solaris-x86 0.1 115.10 NOTE
r-release-linux-x86_64 0.1 4.19 41.49 45.68 NOTE
r-release-macos-arm64 0.1 NOTE
r-release-macos-x86_64 0.1 NOTE
r-release-windows-ix86+x86_64 0.1 13.00 72.00 85.00 NOTE
r-oldrel-macos-x86_64 0.1 OK
r-oldrel-windows-ix86+x86_64 0.1 9.00 86.00 95.00 OK

Check Details

Version: 0.1
Check: LazyData
Result: NOTE
     'LazyData' is specified without a 'data' directory
Flavors: r-devel-linux-x86_64-debian-clang, r-devel-linux-x86_64-debian-gcc, r-devel-linux-x86_64-fedora-clang, r-devel-linux-x86_64-fedora-gcc, r-devel-windows-x86_64, r-devel-windows-x86_64-gcc10-UCRT, r-patched-linux-x86_64, r-patched-solaris-x86, r-release-linux-x86_64, r-release-macos-arm64, r-release-macos-x86_64, r-release-windows-ix86+x86_64