CRAN Package Check Results for Package DiPs

Last updated on 2024-07-24 06:57:13 CEST.

Flavor Version Tinstall Tcheck Ttotal Status Flags
r-devel-linux-x86_64-debian-clang 0.6.4 4.65 38.62 43.27 NOTE
r-devel-linux-x86_64-debian-gcc 0.6.4 3.27 28.96 32.23 NOTE
r-devel-linux-x86_64-fedora-clang 0.6.4 53.75 NOTE
r-devel-linux-x86_64-fedora-gcc 0.6.4 54.29 NOTE
r-devel-windows-x86_64 0.6.4 4.00 60.00 64.00 NOTE
r-patched-linux-x86_64 0.6.4 4.14 37.04 41.18 NOTE
r-release-linux-x86_64 0.6.4 4.00 37.26 41.26 NOTE
r-release-macos-arm64 0.6.4 21.00 NOTE
r-release-macos-x86_64 0.6.4 32.00 NOTE
r-release-windows-x86_64 0.6.4 4.00 57.00 61.00 NOTE
r-oldrel-macos-arm64 0.6.4 22.00 NOTE
r-oldrel-macos-x86_64 0.6.4 31.00 NOTE
r-oldrel-windows-x86_64 0.6.4 5.00 58.00 63.00 NOTE

Check Details

Version: 0.6.4
Check: package dependencies
Result: NOTE Package suggested but not available for checking: ‘rrelaxiv’ Flavors: r-devel-linux-x86_64-debian-clang, r-devel-linux-x86_64-debian-gcc, r-devel-linux-x86_64-fedora-clang, r-devel-linux-x86_64-fedora-gcc, r-devel-windows-x86_64, r-patched-linux-x86_64, r-release-linux-x86_64, r-release-macos-arm64, r-release-macos-x86_64, r-release-windows-x86_64, r-oldrel-macos-arm64, r-oldrel-macos-x86_64, r-oldrel-windows-x86_64