Last updated on 2023-02-05 04:51:03 CET.
Flavor | Version | Tinstall | Tcheck | Ttotal | Status | Flags |
---|---|---|---|---|---|---|
r-devel-linux-x86_64-debian-clang | 1.0.1 | 1.74 | 27.08 | 28.82 | NOTE | |
r-devel-linux-x86_64-debian-gcc | 1.0.1 | 1.82 | 21.13 | 22.95 | NOTE | |
r-devel-linux-x86_64-fedora-clang | 1.0.1 | 38.52 | NOTE | |||
r-devel-linux-x86_64-fedora-gcc | 1.0.1 | 39.29 | NOTE | |||
r-devel-windows-x86_64 | 1.0.1 | 19.00 | 59.00 | 78.00 | NOTE | |
r-patched-linux-x86_64 | 1.0.1 | 2.57 | 26.15 | 28.72 | OK | |
r-release-linux-x86_64 | 1.0.1 | 2.13 | 26.57 | 28.70 | OK | |
r-release-macos-arm64 | 1.0.1 | 18.00 | OK | |||
r-release-macos-x86_64 | 1.0.1 | 23.00 | OK | |||
r-release-windows-x86_64 | 1.0.1 | 13.00 | 61.00 | 74.00 | OK | |
r-oldrel-macos-arm64 | 1.0.1 | 20.00 | OK | |||
r-oldrel-macos-x86_64 | 1.0.1 | 32.00 | OK | |||
r-oldrel-windows-ix86+x86_64 | 1.0.1 | 6.00 | 55.00 | 61.00 | OK |
Version: 1.0.1
Check: package subdirectories
Result: NOTE
Problems with news in ‘NEWS.md’:
Cannot extract version info from the following section titles:
Changes from previous package DecompHoriuchi
Flavors: r-devel-linux-x86_64-debian-clang, r-devel-linux-x86_64-debian-gcc, r-devel-linux-x86_64-fedora-clang, r-devel-linux-x86_64-fedora-gcc, r-devel-windows-x86_64