CRAN Package Check Results for Package Deducer

Last updated on 2021-10-19 16:50:27 CEST.

Flavor Version Tinstall Tcheck Ttotal Status Flags
r-devel-linux-x86_64-debian-clang 0.7-9 23.33 178.07 201.40 OK
r-devel-linux-x86_64-debian-gcc 0.7-9 17.35 131.24 148.59 OK
r-devel-linux-x86_64-fedora-clang 0.7-9 219.04 OK
r-devel-linux-x86_64-fedora-gcc 0.7-9 205.98 OK
r-devel-windows-x86_64 0.7-9 32.00 200.00 232.00 OK
r-devel-windows-x86_64-gcc10-UCRT 0.7-9 OK
r-patched-linux-x86_64 0.7-9 26.52 169.92 196.44 OK
r-patched-solaris-x86 0.7-9 303.90 NOTE
r-release-linux-x86_64 0.7-9 21.36 170.04 191.40 OK
r-release-macos-arm64 0.7-9 OK
r-release-macos-x86_64 0.7-9 OK
r-release-windows-ix86+x86_64 0.7-9 46.00 197.00 243.00 OK
r-oldrel-macos-x86_64 0.7-9 OK
r-oldrel-windows-ix86+x86_64 0.7-9 49.00 205.00 254.00 OK

Check Details

Version: 0.7-9
Check: package dependencies
Result: NOTE
    Package suggested but not available for checking: ‘XLConnect’
Flavor: r-patched-solaris-x86