CRAN Package Check Results for Package DataVisualizations

Last updated on 2021-05-06 04:48:03 CEST.

Flavor Version Tinstall Tcheck Ttotal Status Flags
r-devel-linux-x86_64-debian-clang 1.2.2 57.12 284.60 341.72 OK
r-devel-linux-x86_64-debian-gcc 1.2.2 35.56 212.16 247.72 OK
r-devel-linux-x86_64-fedora-clang 1.2.2 432.65 NOTE
r-devel-linux-x86_64-fedora-gcc 1.2.2 421.72 OK
r-devel-windows-ix86+x86_64 1.2.2 94.00 341.00 435.00 NOTE
r-devel-windows-x86_64-gcc10-UCRT 1.2.2 OK
r-patched-linux-x86_64 1.2.2 50.31 277.92 328.23 OK
r-patched-solaris-x86 1.2.2 528.80 OK
r-release-linux-x86_64 1.2.2 42.66 273.72 316.38 OK
r-release-macos-x86_64 1.2.2 OK
r-release-windows-ix86+x86_64 1.2.2 103.00 270.00 373.00 NOTE
r-oldrel-macos-x86_64 1.2.2 OK
r-oldrel-windows-ix86+x86_64 1.2.2 116.00 313.00 429.00 OK

Check Details

Version: 1.2.2
Check: Rd cross-references
Result: NOTE
    Undeclared package ‘FCPS’ in Rd xrefs
Flavor: r-devel-linux-x86_64-fedora-clang

Version: 1.2.2
Check: installed package size
Result: NOTE
     installed size is 5.1Mb
     sub-directories of 1Mb or more:
     doc 1.7Mb
     libs 2.1Mb
Flavors: r-devel-windows-ix86+x86_64, r-release-windows-ix86+x86_64