CRAN Package Check Results for Package DataLoader

Last updated on 2021-09-23 16:50:22 CEST.

Flavor Version Tinstall Tcheck Ttotal Status Flags
r-devel-linux-x86_64-debian-clang 1.3 9.34 77.44 86.78 NOTE
r-devel-linux-x86_64-debian-gcc 1.3 7.39 59.27 66.66 NOTE
r-devel-linux-x86_64-fedora-clang 1.3 118.25 NOTE
r-devel-linux-x86_64-fedora-gcc 1.3 105.60 NOTE
r-devel-windows-x86_64 1.3 7.00 67.00 74.00 NOTE
r-devel-windows-x86_64-gcc10-UCRT 1.3 NOTE
r-patched-linux-x86_64 1.3 8.90 76.33 85.23 NOTE
r-patched-solaris-x86 1.3 110.60 NOTE
r-release-linux-x86_64 1.3 9.31 77.07 86.38 NOTE
r-release-macos-arm64 1.3 NOTE
r-release-macos-x86_64 1.3 NOTE
r-release-windows-ix86+x86_64 1.3 15.00 77.00 92.00 NOTE
r-oldrel-macos-x86_64 1.3 OK
r-oldrel-windows-ix86+x86_64 1.3 12.00 63.00 75.00 OK

Check Details

Version: 1.3
Check: LazyData
Result: NOTE
     'LazyData' is specified without a 'data' directory
Flavors: r-devel-linux-x86_64-debian-clang, r-devel-linux-x86_64-debian-gcc, r-devel-linux-x86_64-fedora-clang, r-devel-linux-x86_64-fedora-gcc, r-devel-windows-x86_64, r-devel-windows-x86_64-gcc10-UCRT, r-patched-linux-x86_64, r-patched-solaris-x86, r-release-linux-x86_64, r-release-macos-arm64, r-release-macos-x86_64, r-release-windows-ix86+x86_64