CRAN Package Check Results for Package DWDLargeR

Last updated on 2021-09-20 16:50:27 CEST.

Flavor Version Tinstall Tcheck Ttotal Status Flags
r-devel-linux-x86_64-debian-clang 0.1-0 7.91 69.19 77.10 OK
r-devel-linux-x86_64-debian-gcc 0.1-0 6.35 53.21 59.56 OK
r-devel-linux-x86_64-fedora-clang 0.1-0 104.49 OK
r-devel-linux-x86_64-fedora-gcc 0.1-0 89.50 OK
r-devel-windows-x86_64 0.1-0 10.00 62.00 72.00 OK
r-devel-windows-x86_64-gcc10-UCRT 0.1-0 ERROR
r-patched-linux-x86_64 0.1-0 8.84 67.54 76.38 OK
r-patched-solaris-x86 0.1-0 141.50 OK
r-release-linux-x86_64 0.1-0 7.70 66.81 74.51 OK
r-release-macos-arm64 0.1-0 OK
r-release-macos-x86_64 0.1-0 OK
r-release-windows-ix86+x86_64 0.1-0 19.00 88.00 107.00 OK
r-oldrel-macos-x86_64 0.1-0 OK
r-oldrel-windows-ix86+x86_64 0.1-0 19.00 68.00 87.00 OK

Check Details

Version: 0.1-0
Check: whether package can be installed
Result: WARN
    Found the following significant warnings:
     WARNING: installation-time patches will not be applied, could not get the patches index
Flavor: r-devel-windows-x86_64-gcc10-UCRT

Version: 0.1-0
Check: PDF version of manual
Result: WARN
    LaTeX errors when creating PDF version.
    This typically indicates Rd problems.
Flavor: r-devel-windows-x86_64-gcc10-UCRT

Version: 0.1-0
Check: PDF version of manual without hyperrefs or index
Result: ERROR
    Re-running with no redirection of stdout/stderr.
Flavor: r-devel-windows-x86_64-gcc10-UCRT