Last updated on 2022-07-06 05:54:00 CEST.
Flavor | Version | Tinstall | Tcheck | Ttotal | Status | Flags |
---|---|---|---|---|---|---|
r-devel-linux-x86_64-debian-clang | 0.4.2 | 13.30 | 153.45 | 166.75 | OK | |
r-devel-linux-x86_64-debian-gcc | 0.4.2 | 10.97 | 112.59 | 123.56 | OK | |
r-devel-linux-x86_64-fedora-clang | 0.4.2 | 217.39 | NOTE | |||
r-devel-linux-x86_64-fedora-gcc | 0.4.2 | 218.52 | NOTE | |||
r-devel-windows-x86_64 | 0.4.2 | 86.00 | 238.00 | 324.00 | OK | |
r-patched-linux-x86_64 | 0.4.2 | 16.44 | 141.90 | 158.34 | OK | |
r-release-linux-x86_64 | 0.4.2 | 14.32 | 143.37 | 157.69 | OK | |
r-release-macos-arm64 | 0.4.2 | 69.00 | NOTE | |||
r-release-macos-x86_64 | 0.4.2 | 121.00 | NOTE | |||
r-release-windows-x86_64 | 0.4.2 | 66.00 | 245.00 | 311.00 | OK | |
r-oldrel-macos-arm64 | 0.4.2 | 54.00 | NOTE | |||
r-oldrel-macos-x86_64 | 0.4.2 | 76.00 | NOTE | |||
r-oldrel-windows-ix86+x86_64 | 0.4.2 | 29.00 | 183.00 | 212.00 | OK |
Version: 0.4.2
Check: dependencies in R code
Result: NOTE
Namespace in Imports field not imported from: ‘DT’
All declared Imports should be used.
Flavors: r-devel-linux-x86_64-fedora-clang, r-devel-linux-x86_64-fedora-gcc, r-release-macos-arm64, r-release-macos-x86_64, r-oldrel-macos-arm64, r-oldrel-macos-x86_64