CRAN Package Check Results for Package DTComPair

Last updated on 2021-12-03 11:51:47 CET.

Flavor Version Tinstall Tcheck Ttotal Status Flags
r-devel-linux-x86_64-debian-clang 1.0.3 4.59 31.72 36.31 NOTE
r-devel-linux-x86_64-debian-gcc 1.0.3 2.93 24.83 27.76 NOTE
r-devel-linux-x86_64-fedora-clang 1.0.3 53.37 NOTE
r-devel-linux-x86_64-fedora-gcc 1.0.3 44.97 NOTE
r-devel-windows-x86_64-new-UL 1.0.3 10.00 73.00 83.00 NOTE
r-devel-windows-x86_64-new-TK 1.0.3 NOTE
r-devel-windows-x86_64-old 1.0.3 7.00 40.00 47.00 NOTE
r-patched-linux-x86_64 1.0.3 4.10 30.25 34.35 NOTE
r-patched-solaris-x86 1.0.3 61.60 NOTE
r-release-linux-x86_64 1.0.3 3.78 30.52 34.30 NOTE
r-release-macos-arm64 1.0.3 NOTE
r-release-macos-x86_64 1.0.3 NOTE
r-release-windows-ix86+x86_64 1.0.3 9.00 55.00 64.00 NOTE
r-oldrel-macos-x86_64 1.0.3 NOTE
r-oldrel-windows-ix86+x86_64 1.0.3 7.00 49.00 56.00 NOTE

Check Details

Version: 1.0.3
Check: R code for possible problems
Result: NOTE
    DLR: no visible global function definition for 'formula'
    DLR: no visible global function definition for 'terms'
    DLR: no visible global function definition for 'model.matrix'
    DLR: no visible global function definition for 'as.formula'
    DLR: no visible binding for global variable 'binomial'
    DLR: no visible global function definition for 'coef'
    DLR: no visible global function definition for 'pnorm'
    DLR: no visible global function definition for 'qnorm'
    acc.1test: no visible global function definition for 'qnorm'
    pv.gs: no visible global function definition for 'pchisq'
    pv.rpv: no visible global function definition for 'qnorm'
    pv.rpv: no visible global function definition for 'pnorm'
    pv.wgs: no visible global function definition for 'pchisq'
    sesp.diff.ci: no visible global function definition for 'qnorm'
    sesp.mcnemar: no visible global function definition for 'pchisq'
    Undefined global functions or variables:
     as.formula binomial coef formula model.matrix pchisq pnorm qnorm
     terms
    Consider adding
     importFrom("stats", "as.formula", "binomial", "coef", "formula",
     "model.matrix", "pchisq", "pnorm", "qnorm", "terms")
    to your NAMESPACE file.
Flavors: r-devel-linux-x86_64-debian-clang, r-devel-linux-x86_64-debian-gcc, r-devel-linux-x86_64-fedora-clang, r-devel-linux-x86_64-fedora-gcc, r-devel-windows-x86_64-new-UL, r-devel-windows-x86_64-new-TK, r-devel-windows-x86_64-old, r-patched-linux-x86_64, r-patched-solaris-x86, r-release-linux-x86_64, r-release-macos-arm64, r-release-macos-x86_64, r-release-windows-ix86+x86_64, r-oldrel-macos-x86_64, r-oldrel-windows-ix86+x86_64