CRAN Package Check Results for Package DT

Last updated on 2021-10-17 04:50:17 CEST.

Flavor Version Tinstall Tcheck Ttotal Status Flags
r-devel-linux-x86_64-debian-clang 0.19 5.84 38.38 44.22 OK
r-devel-linux-x86_64-debian-gcc 0.19 4.01 30.07 34.08 OK
r-devel-linux-x86_64-fedora-clang 0.19 61.73 NOTE
r-devel-linux-x86_64-fedora-gcc 0.19 50.40 OK
r-devel-windows-x86_64 0.19 9.00 60.00 69.00 OK
r-devel-windows-x86_64-gcc10-UCRT 0.19 OK
r-patched-linux-x86_64 0.19 5.19 37.20 42.39 OK
r-patched-solaris-x86 0.19 75.40 OK
r-release-linux-x86_64 0.19 5.68 37.12 42.80 OK
r-release-macos-arm64 0.19 NOTE
r-release-macos-x86_64 0.19 NOTE
r-release-windows-ix86+x86_64 0.19 9.00 56.00 65.00 OK
r-oldrel-macos-x86_64 0.19 NOTE
r-oldrel-windows-ix86+x86_64 0.19 11.00 67.00 78.00 OK

Check Details

Version: 0.19
Check: installed package size
Result: NOTE
     installed size is 5.5Mb
     sub-directories of 1Mb or more:
     htmlwidgets 4.5Mb
Flavors: r-devel-linux-x86_64-fedora-clang, r-release-macos-arm64, r-release-macos-x86_64, r-oldrel-macos-x86_64