Last updated on 2022-07-05 05:52:50 CEST.
Flavor | Version | Tinstall | Tcheck | Ttotal | Status | Flags |
---|---|---|---|---|---|---|
r-devel-linux-x86_64-debian-clang | 1.5.1 | 65.48 | 106.22 | 171.70 | OK | |
r-devel-linux-x86_64-debian-gcc | 1.5.1 | 53.74 | 81.72 | 135.46 | OK | |
r-devel-linux-x86_64-fedora-clang | 1.5.1 | 234.54 | NOTE | |||
r-devel-linux-x86_64-fedora-gcc | 1.5.1 | 225.41 | OK | |||
r-devel-windows-x86_64 | 1.5.1 | 59.00 | 154.00 | 213.00 | OK | |
r-patched-linux-x86_64 | 1.5.1 | 55.28 | 103.72 | 159.00 | OK | |
r-release-linux-x86_64 | 1.5.1 | 57.42 | 102.21 | 159.63 | OK | |
r-release-macos-arm64 | 1.5.1 | 61.00 | NOTE | |||
r-release-macos-x86_64 | 1.5.1 | 87.00 | NOTE | |||
r-release-windows-x86_64 | 1.5.1 | 63.00 | 150.00 | 213.00 | OK | |
r-oldrel-macos-arm64 | 1.5.1 | 70.00 | NOTE | |||
r-oldrel-macos-x86_64 | 1.5.1 | 121.00 | NOTE | |||
r-oldrel-windows-ix86+x86_64 | 1.5.1 | 151.00 | 187.00 | 338.00 | NOTE |
Version: 1.5.1
Check: installed package size
Result: NOTE
installed size is 5.4Mb
sub-directories of 1Mb or more:
data 2.8Mb
libs 2.3Mb
Flavors: r-devel-linux-x86_64-fedora-clang, r-release-macos-arm64, r-release-macos-x86_64, r-oldrel-macos-arm64, r-oldrel-macos-x86_64, r-oldrel-windows-ix86+x86_64