CRAN Package Check Results for Package DSWE

Last updated on 2022-01-24 12:52:07 CET.

Flavor Version Tinstall Tcheck Ttotal Status Flags
r-devel-linux-x86_64-debian-clang 1.5.1 55.21 103.34 158.55 OK
r-devel-linux-x86_64-debian-gcc 1.5.1 45.79 81.01 126.80 OK
r-devel-linux-x86_64-fedora-clang 1.5.1 220.98 NOTE
r-devel-linux-x86_64-fedora-gcc 1.5.1 206.35 OK
r-devel-windows-x86_64-new-UL 1.5.1 70.00 145.00 215.00 OK
r-devel-windows-x86_64-new-TK 1.5.1 OK
r-patched-linux-x86_64 1.5.1 58.10 101.77 159.87 OK
r-release-linux-x86_64 1.5.1 56.06 100.27 156.33 OK
r-release-macos-arm64 1.5.1 NOTE
r-release-macos-x86_64 1.5.1 NOTE
r-release-windows-ix86+x86_64 1.5.1 145.00 176.00 321.00 NOTE
r-oldrel-macos-x86_64 1.5.1 NOTE
r-oldrel-windows-ix86+x86_64 1.5.1 143.00 173.00 316.00 NOTE

Check Details

Version: 1.5.1
Check: installed package size
Result: NOTE
     installed size is 5.7Mb
     sub-directories of 1Mb or more:
     data 2.8Mb
     libs 2.7Mb
Flavors: r-devel-linux-x86_64-fedora-clang, r-release-macos-arm64, r-release-macos-x86_64, r-release-windows-ix86+x86_64, r-oldrel-macos-x86_64, r-oldrel-windows-ix86+x86_64