CRAN Package Check Results for Package DSAIRM

Last updated on 2021-09-20 04:58:07 CEST.

Flavor Version Tinstall Tcheck Ttotal Status Flags
r-devel-linux-x86_64-debian-clang 0.9.3 10.88 221.04 231.92 OK
r-devel-linux-x86_64-debian-gcc 0.9.3 8.05 151.62 159.67 OK
r-devel-linux-x86_64-fedora-clang 0.9.3 271.67 OK
r-devel-linux-x86_64-fedora-gcc 0.9.3 252.00 OK
r-devel-windows-x86_64 0.9.3 12.00 190.00 202.00 OK
r-devel-windows-x86_64-gcc10-UCRT 0.9.3 ERROR
r-patched-linux-x86_64 0.9.3 10.40 203.25 213.65 OK
r-patched-solaris-x86 0.9.3 286.90 OK
r-release-linux-x86_64 0.9.3 9.68 204.26 213.94 OK
r-release-macos-arm64 0.9.3 OK
r-release-macos-x86_64 0.9.3 OK
r-release-windows-ix86+x86_64 0.9.3 22.00 250.00 272.00 OK
r-oldrel-macos-x86_64 0.9.3 OK
r-oldrel-windows-ix86+x86_64 0.9.3 23.00 259.00 282.00 OK

Check Details

Version: 0.9.3
Check: package dependencies
Result: ERROR
    Package required but not available: 'XML'
    
    See section 'The DESCRIPTION file' in the 'Writing R Extensions'
    manual.
Flavor: r-devel-windows-x86_64-gcc10-UCRT