CRAN Package Check Results for Package DNAtools

Last updated on 2022-01-25 00:49:46 CET.

Flavor Version Tinstall Tcheck Ttotal Status Flags
r-devel-linux-x86_64-debian-clang 0.2-3 69.87 83.28 153.15 NOTE
r-devel-linux-x86_64-debian-gcc 0.2-3 48.87 62.75 111.62 NOTE
r-devel-linux-x86_64-fedora-clang 0.2-3 219.62 NOTE
r-devel-linux-x86_64-fedora-gcc 0.2-3 188.31 NOTE
r-devel-windows-x86_64-new-UL 0.2-3 122.00 139.00 261.00 NOTE
r-devel-windows-x86_64-new-TK 0.2-3 NOTE
r-patched-linux-x86_64 0.2-3 59.99 82.26 142.25 NOTE
r-release-linux-x86_64 0.2-3 57.78 82.99 140.77 NOTE
r-release-macos-arm64 0.2-3 NOTE
r-release-macos-x86_64 0.2-3 NOTE
r-release-windows-ix86+x86_64 0.2-3 167.00 142.00 309.00 NOTE
r-oldrel-macos-x86_64 0.2-3 NOTE
r-oldrel-windows-ix86+x86_64 0.2-3 170.00 139.00 309.00 NOTE

Check Details

Version: 0.2-3
Check: for GNU extensions in Makefiles
Result: NOTE
    GNU make is a SystemRequirements.
Flavors: r-devel-linux-x86_64-debian-clang, r-devel-linux-x86_64-debian-gcc, r-devel-linux-x86_64-fedora-clang, r-devel-linux-x86_64-fedora-gcc, r-devel-windows-x86_64-new-UL, r-devel-windows-x86_64-new-TK, r-patched-linux-x86_64, r-release-linux-x86_64, r-release-macos-arm64, r-release-macos-x86_64, r-release-windows-ix86+x86_64, r-oldrel-macos-x86_64, r-oldrel-windows-ix86+x86_64