CRAN Package Check Results for Package DIDmultiplegt

Last updated on 2021-07-25 07:49:58 CEST.

Flavor Version Tinstall Tcheck Ttotal Status Flags
r-devel-linux-x86_64-debian-clang 0.1.0 6.23 138.26 144.49 NOTE
r-devel-linux-x86_64-debian-gcc 0.1.0 4.86 98.83 103.69 NOTE
r-devel-linux-x86_64-fedora-clang 0.1.0 174.51 NOTE
r-devel-linux-x86_64-fedora-gcc 0.1.0 163.74 NOTE
r-devel-windows-x86_64 0.1.0 9.00 121.00 130.00 NOTE
r-devel-windows-x86_64-gcc10-UCRT 0.1.0 NOTE
r-patched-linux-x86_64 0.1.0 5.43 128.40 133.83 NOTE
r-patched-solaris-x86 0.1.0 206.30 NOTE
r-release-linux-x86_64 0.1.0 5.90 125.65 131.55 NOTE
r-release-macos-arm64 0.1.0 NOTE
r-release-macos-x86_64 0.1.0 NOTE
r-release-windows-ix86+x86_64 0.1.0 15.00 144.00 159.00 NOTE
r-oldrel-macos-x86_64 0.1.0 OK
r-oldrel-windows-ix86+x86_64 0.1.0 15.00 154.00 169.00 OK

Check Details

Version: 0.1.0
Check: LazyData
Result: NOTE
     'LazyData' is specified without a 'data' directory
Flavors: r-devel-linux-x86_64-debian-clang, r-devel-linux-x86_64-debian-gcc, r-devel-linux-x86_64-fedora-clang, r-devel-linux-x86_64-fedora-gcc, r-devel-windows-x86_64, r-devel-windows-x86_64-gcc10-UCRT, r-patched-linux-x86_64, r-patched-solaris-x86, r-release-linux-x86_64, r-release-macos-arm64, r-release-macos-x86_64, r-release-windows-ix86+x86_64