CRAN Package Check Results for Package DIDmultiplegt

Last updated on 2022-05-17 13:49:58 CEST.

Flavor Version Tinstall Tcheck Ttotal Status Flags
r-devel-linux-x86_64-debian-clang 0.1.0 6.83 216.62 223.45 NOTE
r-devel-linux-x86_64-debian-gcc 0.1.0 5.33 154.84 160.17 NOTE
r-devel-linux-x86_64-fedora-clang 0.1.0 257.30 NOTE
r-devel-linux-x86_64-fedora-gcc 0.1.0 248.15 NOTE
r-devel-windows-x86_64 0.1.0 38.00 219.00 257.00 NOTE
r-patched-linux-x86_64 0.1.0 7.25 201.18 208.43 NOTE
r-release-linux-x86_64 0.1.0 7.15 201.75 208.90 NOTE
r-release-macos-arm64 0.1.0 48.00 NOTE
r-release-macos-x86_64 0.1.0 107.00 NOTE
r-release-windows-x86_64 0.1.0 22.00 216.00 238.00 NOTE
r-oldrel-macos-arm64 0.1.0 58.00 NOTE
r-oldrel-macos-x86_64 0.1.0 103.00 NOTE
r-oldrel-windows-ix86+x86_64 0.1.0 17.00 243.00 260.00 NOTE

Check Details

Version: 0.1.0
Check: LazyData
Result: NOTE
     'LazyData' is specified without a 'data' directory
Flavors: r-devel-linux-x86_64-debian-clang, r-devel-linux-x86_64-debian-gcc, r-devel-linux-x86_64-fedora-clang, r-devel-linux-x86_64-fedora-gcc, r-devel-windows-x86_64, r-patched-linux-x86_64, r-release-linux-x86_64, r-release-macos-arm64, r-release-macos-x86_64, r-release-windows-x86_64, r-oldrel-macos-arm64, r-oldrel-macos-x86_64, r-oldrel-windows-ix86+x86_64