CRAN Package Check Results for Package DGEobj

Last updated on 2021-07-30 19:50:05 CEST.

Flavor Version Tinstall Tcheck Ttotal Status Flags
r-devel-linux-x86_64-debian-clang 1.0.3 OK
r-devel-linux-x86_64-debian-gcc 1.0.3 11.97 104.03 116.00 OK
r-devel-linux-x86_64-fedora-clang 1.0.3 187.70 OK
r-devel-linux-x86_64-fedora-gcc 1.0.3 177.74 OK
r-devel-windows-x86_64 1.0.3 17.00 142.00 159.00 OK
r-devel-windows-x86_64-gcc10-UCRT 1.0.3 OK
r-patched-linux-x86_64 1.0.3 OK
r-patched-solaris-x86 1.0.3 256.40 OK
r-release-linux-x86_64 1.0.3 12.78 129.72 142.50 OK
r-release-macos-arm64 1.0.3 ERROR
r-release-macos-x86_64 1.0.3 OK
r-release-windows-ix86+x86_64 1.0.3 32.00 157.00 189.00 OK
r-oldrel-macos-x86_64 1.0.3 OK
r-oldrel-windows-ix86+x86_64 1.0.3 21.00 165.00 186.00 OK

Check Details

Version: 1.0.3
Check: package dependencies
Result: ERROR
    Package required but not available: ‘GenomicRanges’
    
    Packages suggested but not available for checking: 'biomaRt', 'edgeR'
    
    See section ‘The DESCRIPTION file’ in the ‘Writing R Extensions’
    manual.
Flavor: r-release-macos-arm64