CRAN Package Check Results for Package DEoptimR

Last updated on 2022-07-05 05:52:50 CEST.

Flavor Version Tinstall Tcheck Ttotal Status Flags
r-devel-linux-x86_64-debian-clang 1.0-11 2.07 31.23 33.30 OK
r-devel-linux-x86_64-debian-gcc 1.0-11 1.67 23.66 25.33 OK
r-devel-linux-x86_64-fedora-clang 1.0-11 51.09 NOTE
r-devel-linux-x86_64-fedora-gcc 1.0-11 50.30 OK
r-devel-windows-x86_64 1.0-11 11.00 58.00 69.00 OK
r-patched-linux-x86_64 1.0-11 2.29 30.46 32.75 OK
r-release-linux-x86_64 1.0-11 2.04 30.05 32.09 OK
r-release-macos-arm64 1.0-11 17.00 OK
r-release-macos-x86_64 1.0-11 24.00 OK
r-release-windows-x86_64 1.0-11 5.00 53.00 58.00 OK
r-oldrel-macos-arm64 1.0-11 17.00 OK
r-oldrel-macos-x86_64 1.0-11 23.00 OK
r-oldrel-windows-ix86+x86_64 1.0-11 6.00 49.00 55.00 OK

Check Details

Version: 1.0-11
Check: Rd cross-references
Result: NOTE
    Undeclared package ‘DEoptim’ in Rd xrefs
Flavor: r-devel-linux-x86_64-fedora-clang