CRAN Package Check Results for Package DEET

Last updated on 2022-10-04 11:50:09 CEST.

Flavor Version Tinstall Tcheck Ttotal Status Flags
r-devel-linux-x86_64-debian-clang 1.0.5 12.97 128.08 141.05 OK
r-devel-linux-x86_64-debian-gcc 1.0.5 10.04 94.95 104.99 OK
r-devel-linux-x86_64-fedora-clang 1.0.5 188.57 NOTE
r-devel-linux-x86_64-fedora-gcc 1.0.5 174.97 NOTE
r-devel-windows-x86_64 1.0.5 28.00 148.00 176.00 OK
r-patched-linux-x86_64 1.0.5 13.21 120.91 134.12 OK
r-release-linux-x86_64 1.0.5 13.73 116.65 130.38 OK
r-release-macos-arm64 1.0.5 51.00 NOTE
r-release-macos-x86_64 1.0.5 67.00 NOTE
r-release-windows-x86_64 1.0.5 19.00 149.00 168.00 OK
r-oldrel-macos-arm64 1.0.5 51.00 NOTE
r-oldrel-macos-x86_64 1.0.5 66.00 NOTE
r-oldrel-windows-ix86+x86_64 1.0.5 29.00 143.00 172.00 WARN

Check Details

Version: 1.0.5
Check: data for non-ASCII characters
Result: NOTE
     Note: found 8 marked UTF-8 strings
Flavors: r-devel-linux-x86_64-fedora-clang, r-devel-linux-x86_64-fedora-gcc, r-release-macos-arm64, r-release-macos-x86_64, r-oldrel-macos-arm64, r-oldrel-macos-x86_64

Version: 1.0.5
Check: data for non-ASCII characters
Result: WARN
     Warning: found non-ASCII strings
     'SRP05673: monocyte derived macrophages. none vs bacillus Calmette-Gu<c3><83><c2><a9>rin' in object 'DEET_example_data'
     'treated with: 100 nM 17<c3><9f>-estradiol + 25 ng/mL TNFa for 40min:3' in object 'DEET_example_data'
     'treated with: 100 nM 17<c3><9f>-estradiol (E2) for 40min:3' in object 'DEET_example_data'
Flavor: r-oldrel-windows-ix86+x86_64