CRAN Package Check Results for Package DDD

Last updated on 2021-08-01 19:51:22 CEST.

Flavor Version Tinstall Tcheck Ttotal Status Flags
r-devel-linux-x86_64-debian-clang 5.0 111.78 131.98 243.76 OK
r-devel-linux-x86_64-debian-gcc 5.0 79.19 97.12 176.31 OK
r-devel-linux-x86_64-fedora-clang 5.0 323.24 NOTE
r-devel-linux-x86_64-fedora-gcc 5.0 301.19 NOTE
r-devel-windows-x86_64 5.0 96.00 142.00 238.00 OK
r-devel-windows-x86_64-gcc10-UCRT 5.0 NOTE
r-patched-linux-x86_64 5.0 OK
r-patched-solaris-x86 5.0 407.70 NOTE
r-release-linux-x86_64 5.0 90.38 127.33 217.71 OK
r-release-macos-arm64 5.0 NOTE
r-release-macos-x86_64 5.0 NOTE
r-release-windows-ix86+x86_64 5.0 237.00 189.00 426.00 OK
r-oldrel-macos-x86_64 5.0 NOTE
r-oldrel-windows-ix86+x86_64 5.0 174.00 190.00 364.00 OK

Check Details

Version: 5.0
Check: installed package size
Result: NOTE
     installed size is 7.8Mb
     sub-directories of 1Mb or more:
     libs 7.3Mb
Flavors: r-devel-linux-x86_64-fedora-clang, r-release-macos-arm64, r-release-macos-x86_64, r-oldrel-macos-x86_64

Version: 5.0
Check: dependencies in R code
Result: NOTE
    Namespace in Imports field not imported from: ‘Rcpp’
     All declared Imports should be used.
Flavors: r-devel-linux-x86_64-fedora-clang, r-devel-linux-x86_64-fedora-gcc, r-devel-windows-x86_64-gcc10-UCRT, r-patched-solaris-x86, r-release-macos-arm64, r-release-macos-x86_64, r-oldrel-macos-x86_64