Last updated on 2023-02-09 03:56:06 CET.
Flavor | Version | Tinstall | Tcheck | Ttotal | Status | Flags |
---|---|---|---|---|---|---|
r-devel-linux-x86_64-debian-clang | 5.0 | 113.09 | 129.21 | 242.30 | OK | |
r-devel-linux-x86_64-debian-gcc | 5.0 | 89.78 | 99.54 | 189.32 | OK | |
r-devel-linux-x86_64-fedora-clang | 5.0 | 324.40 | NOTE | |||
r-devel-linux-x86_64-fedora-gcc | 5.0 | 330.69 | NOTE | |||
r-devel-windows-x86_64 | 5.0 | 96.00 | 193.00 | 289.00 | OK | |
r-patched-linux-x86_64 | 5.0 | 92.67 | 129.18 | 221.85 | OK | |
r-release-linux-x86_64 | 5.0 | 93.79 | 125.73 | 219.52 | OK | |
r-release-macos-arm64 | 5.0 | 74.00 | NOTE | |||
r-release-macos-x86_64 | 5.0 | 126.00 | NOTE | |||
r-release-windows-x86_64 | 5.0 | 91.00 | 192.00 | 283.00 | OK | |
r-oldrel-macos-arm64 | 5.0 | 106.00 | NOTE | |||
r-oldrel-macos-x86_64 | 5.0 | 123.00 | NOTE | |||
r-oldrel-windows-ix86+x86_64 | 5.0 | 239.00 | 261.00 | 500.00 | OK |
Version: 5.0
Check: dependencies in R code
Result: NOTE
Namespace in Imports field not imported from: ‘Rcpp’
All declared Imports should be used.
Flavors: r-devel-linux-x86_64-fedora-clang, r-devel-linux-x86_64-fedora-gcc, r-release-macos-arm64, r-release-macos-x86_64, r-oldrel-macos-arm64, r-oldrel-macos-x86_64
Version: 5.0
Check: installed package size
Result: NOTE
installed size is 8.7Mb
sub-directories of 1Mb or more:
libs 8.2Mb
Flavors: r-release-macos-arm64, r-release-macos-x86_64, r-oldrel-macos-arm64, r-oldrel-macos-x86_64