CRAN Package Check Results for Package DChaos

Last updated on 2021-06-16 21:51:39 CEST.

Flavor Version Tinstall Tcheck Ttotal Status Flags
r-devel-linux-x86_64-debian-clang 0.1-6 5.07 37.06 42.13 NOTE
r-devel-linux-x86_64-debian-gcc 0.1-6 2.84 28.64 31.48 NOTE
r-devel-linux-x86_64-fedora-clang 0.1-6 59.63 NOTE
r-devel-linux-x86_64-fedora-gcc 0.1-6 48.74 NOTE
r-devel-windows-x86_64 0.1-6 8.00 52.00 60.00 NOTE
r-devel-windows-x86_64-gcc10-UCRT 0.1-6 NOTE
r-patched-linux-x86_64 0.1-6 4.86 36.01 40.87 NOTE
r-patched-solaris-x86 0.1-6 69.50 NOTE
r-release-linux-x86_64 0.1-6 4.15 35.93 40.08 NOTE
r-release-macos-arm64 0.1-6 NOTE
r-release-macos-x86_64 0.1-6 NOTE
r-release-windows-ix86+x86_64 0.1-6 9.00 52.00 61.00 NOTE
r-oldrel-macos-x86_64 0.1-6 OK
r-oldrel-windows-ix86+x86_64 0.1-6 6.00 53.00 59.00 OK

Check Details

Version: 0.1-6
Check: LazyData
Result: NOTE
     'LazyData' is specified without a 'data' directory
Flavors: r-devel-linux-x86_64-debian-clang, r-devel-linux-x86_64-debian-gcc, r-devel-linux-x86_64-fedora-clang, r-devel-linux-x86_64-fedora-gcc, r-devel-windows-x86_64, r-devel-windows-x86_64-gcc10-UCRT, r-patched-linux-x86_64, r-patched-solaris-x86, r-release-linux-x86_64, r-release-macos-arm64, r-release-macos-x86_64, r-release-windows-ix86+x86_64