Last updated on 2022-07-03 17:52:02 CEST.
Flavor | Version | Tinstall | Tcheck | Ttotal | Status | Flags |
---|---|---|---|---|---|---|
r-devel-linux-x86_64-debian-clang | 1.0.8 | 49.09 | 171.93 | 221.02 | WARN | |
r-devel-linux-x86_64-debian-gcc | 1.0.8 | 37.47 | 130.02 | 167.49 | OK | |
r-devel-linux-x86_64-fedora-clang | 1.0.8 | 286.45 | WARN | |||
r-devel-linux-x86_64-fedora-gcc | 1.0.8 | 290.71 | OK | |||
r-devel-windows-x86_64 | 1.0.8 | 71.00 | 204.00 | 275.00 | OK | |
r-patched-linux-x86_64 | 1.0.8 | 30.84 | 166.83 | 197.67 | OK | |
r-release-linux-x86_64 | 1.0.8 | 29.93 | 163.43 | 193.36 | OK | |
r-release-macos-arm64 | 1.0.8 | 72.00 | OK | |||
r-release-macos-x86_64 | 1.0.8 | 126.00 | OK | |||
r-release-windows-x86_64 | 1.0.8 | 61.00 | 210.00 | 271.00 | OK | |
r-oldrel-macos-arm64 | 1.0.8 | 102.00 | OK | |||
r-oldrel-macos-x86_64 | 1.0.8 | 96.00 | OK | |||
r-oldrel-windows-ix86+x86_64 | 1.0.8 | 112.00 | 259.00 | 371.00 | OK |
Version: 1.0.8
Check: whether package can be installed
Result: WARN
Found the following significant warnings:
DCLEAR.cpp:54:5: warning: use of bitwise '&' with boolean operands [-Wbitwise-instead-of-logical]
DCLEAR.cpp:58:5: warning: use of bitwise '&' with boolean operands [-Wbitwise-instead-of-logical]
DCLEAR.cpp:71:5: warning: use of bitwise '&' with boolean operands [-Wbitwise-instead-of-logical]
DCLEAR.cpp:75:6: warning: use of bitwise '&' with boolean operands [-Wbitwise-instead-of-logical]
Flavors: r-devel-linux-x86_64-debian-clang, r-devel-linux-x86_64-fedora-clang