CRAN Package Check Results for Package DAAGbio

Last updated on 2021-09-21 16:51:15 CEST.

Flavor Version Tinstall Tcheck Ttotal Status Flags
r-devel-linux-x86_64-debian-clang 0.63-3 3.96 47.44 51.40 OK
r-devel-linux-x86_64-debian-gcc 0.63-3 2.97 36.38 39.35 OK
r-devel-linux-x86_64-fedora-clang 0.63-3 70.58 OK
r-devel-linux-x86_64-fedora-gcc 0.63-3 60.60 OK
r-devel-windows-x86_64 0.63-3 6.00 49.00 55.00 OK
r-devel-windows-x86_64-gcc10-UCRT 0.63-3 ERROR
r-patched-linux-x86_64 0.63-3 3.88 45.95 49.83 OK
r-patched-solaris-x86 0.63-3 85.70 OK
r-release-linux-x86_64 0.63-3 4.13 45.84 49.97 OK
r-release-macos-arm64 0.63-3 OK
r-release-macos-x86_64 0.63-3 OK
r-release-windows-ix86+x86_64 0.63-3 8.00 67.00 75.00 OK
r-oldrel-macos-x86_64 0.63-3 OK
r-oldrel-windows-ix86+x86_64 0.63-3 8.00 63.00 71.00 OK

Check Details

Version: 0.63-3
Check: whether package can be installed
Result: WARN
    Found the following significant warnings:
     WARNING: installation-time patches will not be applied, could not get the patches index
Flavor: r-devel-windows-x86_64-gcc10-UCRT

Version: 0.63-3
Check: PDF version of manual
Result: WARN
    LaTeX errors when creating PDF version.
    This typically indicates Rd problems.
Flavor: r-devel-windows-x86_64-gcc10-UCRT

Version: 0.63-3
Check: PDF version of manual without hyperrefs or index
Result: ERROR
    Re-running with no redirection of stdout/stderr.
Flavor: r-devel-windows-x86_64-gcc10-UCRT