CRAN Package Check Results for Package CovTools

Last updated on 2021-06-13 21:48:09 CEST.

Flavor Version Tinstall Tcheck Ttotal Status Flags
r-devel-linux-x86_64-debian-clang 0.5.3 84.51 98.56 183.07 NOTE
r-devel-linux-x86_64-debian-gcc 0.5.3 53.84 78.36 132.20 NOTE
r-devel-linux-x86_64-fedora-clang 0.5.3 241.28 NOTE
r-devel-linux-x86_64-fedora-gcc 0.5.3 215.55 NOTE
r-devel-windows-x86_64 0.5.3 110.00 179.00 289.00 NOTE
r-devel-windows-x86_64-gcc10-UCRT 0.5.3 NOTE
r-patched-linux-x86_64 0.5.3 63.09 95.14 158.23 NOTE
r-patched-solaris-x86 0.5.3 278.80 NOTE
r-release-linux-x86_64 0.5.3 65.08 95.29 160.37 NOTE
r-release-macos-arm64 0.5.3 NOTE
r-release-macos-x86_64 0.5.3 NOTE
r-release-windows-ix86+x86_64 0.5.3 190.00 196.00 386.00 NOTE
r-oldrel-macos-x86_64 0.5.3 OK
r-oldrel-windows-ix86+x86_64 0.5.3 188.00 200.00 388.00 OK

Check Details

Version: 0.5.3
Check: LazyData
Result: NOTE
     'LazyData' is specified without a 'data' directory
Flavors: r-devel-linux-x86_64-debian-clang, r-devel-linux-x86_64-debian-gcc, r-devel-linux-x86_64-fedora-clang, r-devel-linux-x86_64-fedora-gcc, r-devel-windows-x86_64, r-devel-windows-x86_64-gcc10-UCRT, r-patched-linux-x86_64, r-patched-solaris-x86, r-release-linux-x86_64, r-release-macos-arm64, r-release-macos-x86_64, r-release-windows-ix86+x86_64