CRAN Package Check Results for Package Countr

Last updated on 2021-12-04 11:52:32 CET.

Flavor Version Tinstall Tcheck Ttotal Status Flags
r-devel-linux-x86_64-debian-clang 3.5.5 142.41 158.57 300.98 OK
r-devel-linux-x86_64-debian-gcc 3.5.5 109.48 127.04 236.52 OK
r-devel-linux-x86_64-fedora-clang 3.5.5 435.79 NOTE
r-devel-linux-x86_64-fedora-gcc 3.5.5 423.19 OK
r-devel-windows-x86_64-new-UL 3.5.5 188.00 300.00 488.00 OK
r-devel-windows-x86_64-new-TK 3.5.5 OK
r-devel-windows-x86_64-old 3.5.5 191.00 149.00 340.00 OK
r-patched-linux-x86_64 3.5.5 133.66 150.95 284.61 OK
r-release-linux-x86_64 3.5.5 130.69 150.93 281.62 OK
r-release-macos-arm64 3.5.5 NOTE
r-release-macos-x86_64 3.5.5 NOTE
r-release-windows-ix86+x86_64 3.5.5 364.00 254.00 618.00 NOTE
r-oldrel-macos-x86_64 3.5.5 NOTE
r-oldrel-windows-ix86+x86_64 3.5.5 366.00 259.00 625.00 NOTE

Check Details

Version: 3.5.5
Check: installed package size
Result: NOTE
     installed size is 8.1Mb
     sub-directories of 1Mb or more:
     doc 2.0Mb
     libs 5.2Mb
Flavors: r-devel-linux-x86_64-fedora-clang, r-release-macos-arm64, r-release-macos-x86_64, r-release-windows-ix86+x86_64, r-oldrel-macos-x86_64, r-oldrel-windows-ix86+x86_64