CRAN Package Check Results for Package CosW

Last updated on 2021-06-16 21:51:39 CEST.

Flavor Version Tinstall Tcheck Ttotal Status Flags
r-devel-linux-x86_64-debian-clang 0.1 2.09 22.96 25.05 NOTE
r-devel-linux-x86_64-debian-gcc 0.1 1.55 18.76 20.31 NOTE
r-devel-linux-x86_64-fedora-clang 0.1 39.53 NOTE
r-devel-linux-x86_64-fedora-gcc 0.1 29.65 NOTE
r-devel-windows-x86_64 0.1 4.00 36.00 40.00 NOTE
r-devel-windows-x86_64-gcc10-UCRT 0.1 NOTE
r-patched-linux-x86_64 0.1 1.97 22.49 24.46 NOTE
r-patched-solaris-x86 0.1 44.80 NOTE
r-release-linux-x86_64 0.1 1.98 22.51 24.49 NOTE
r-release-macos-arm64 0.1 NOTE
r-release-macos-x86_64 0.1 NOTE
r-release-windows-ix86+x86_64 0.1 4.00 30.00 34.00 NOTE
r-oldrel-macos-x86_64 0.1 OK
r-oldrel-windows-ix86+x86_64 0.1 4.00 37.00 41.00 OK

Check Details

Version: 0.1
Check: LazyData
Result: NOTE
     'LazyData' is specified without a 'data' directory
Flavors: r-devel-linux-x86_64-debian-clang, r-devel-linux-x86_64-debian-gcc, r-devel-linux-x86_64-fedora-clang, r-devel-linux-x86_64-fedora-gcc, r-devel-windows-x86_64, r-devel-windows-x86_64-gcc10-UCRT, r-patched-linux-x86_64, r-patched-solaris-x86, r-release-linux-x86_64, r-release-macos-arm64, r-release-macos-x86_64, r-release-windows-ix86+x86_64