CRAN Package Check Results for Package Conigrave

Last updated on 2021-07-25 07:49:57 CEST.

Flavor Version Tinstall Tcheck Ttotal Status Flags
r-devel-linux-x86_64-debian-clang 0.4.4 0.39 2.78 3.17 ERROR
r-devel-linux-x86_64-debian-gcc 0.4.4 0.28 1.88 2.16 ERROR
r-devel-linux-x86_64-fedora-clang 0.4.4 12.22 ERROR
r-devel-linux-x86_64-fedora-gcc 0.4.4 1.99 ERROR
r-devel-windows-x86_64 0.4.4 10.00 70.00 80.00 NOTE
r-devel-windows-x86_64-gcc10-UCRT 0.4.4 NOTE
r-patched-linux-x86_64 0.4.4 7.35 70.65 78.00 NOTE
r-patched-solaris-x86 0.4.4 130.30 NOTE
r-release-linux-x86_64 0.4.4 8.31 69.18 77.49 NOTE
r-release-macos-arm64 0.4.4 NOTE
r-release-macos-x86_64 0.4.4 NOTE
r-release-windows-ix86+x86_64 0.4.4 17.00 66.00 83.00 NOTE
r-oldrel-macos-x86_64 0.4.4 OK
r-oldrel-windows-ix86+x86_64 0.4.4 18.00 88.00 106.00 OK

Check Details

Version: 0.4.4
Check: package dependencies
Result: ERROR
    Package required but not available: 'stringdist'
    
    See section 'The DESCRIPTION file' in the 'Writing R Extensions'
    manual.
Flavors: r-devel-linux-x86_64-debian-clang, r-devel-linux-x86_64-debian-gcc, r-devel-linux-x86_64-fedora-clang, r-devel-linux-x86_64-fedora-gcc

Version: 0.4.4
Check: LazyData
Result: NOTE
     'LazyData' is specified without a 'data' directory
Flavors: r-devel-windows-x86_64, r-devel-windows-x86_64-gcc10-UCRT, r-patched-linux-x86_64, r-patched-solaris-x86, r-release-linux-x86_64, r-release-macos-arm64, r-release-macos-x86_64, r-release-windows-ix86+x86_64