CRAN Package Check Results for Package CondIndTests

Last updated on 2021-06-18 21:53:12 CEST.

Flavor Version Tinstall Tcheck Ttotal Status Flags
r-devel-linux-x86_64-debian-clang 0.1.5 9.82 358.98 368.80 NOTE
r-devel-linux-x86_64-debian-gcc 0.1.5 8.27 261.61 269.88 NOTE
r-devel-linux-x86_64-fedora-clang 0.1.5 403.34 NOTE
r-devel-linux-x86_64-fedora-gcc 0.1.5 417.14 NOTE
r-devel-windows-x86_64 0.1.5 17.00 350.00 367.00 NOTE
r-devel-windows-x86_64-gcc10-UCRT 0.1.5 NOTE
r-patched-linux-x86_64 0.1.5 10.81 328.93 339.74 NOTE
r-patched-solaris-x86 0.1.5 761.90 NOTE
r-release-linux-x86_64 0.1.5 10.02 317.21 327.23 NOTE
r-release-macos-arm64 0.1.5 NOTE
r-release-macos-x86_64 0.1.5 NOTE
r-release-windows-ix86+x86_64 0.1.5 25.00 407.00 432.00 NOTE
r-oldrel-macos-x86_64 0.1.5 OK
r-oldrel-windows-ix86+x86_64 0.1.5 19.00 416.00 435.00 OK

Check Details

Version: 0.1.5
Check: LazyData
Result: NOTE
     'LazyData' is specified without a 'data' directory
Flavors: r-devel-linux-x86_64-debian-clang, r-devel-linux-x86_64-debian-gcc, r-devel-linux-x86_64-fedora-clang, r-devel-linux-x86_64-fedora-gcc, r-devel-windows-x86_64, r-devel-windows-x86_64-gcc10-UCRT, r-patched-linux-x86_64, r-patched-solaris-x86, r-release-linux-x86_64, r-release-macos-arm64, r-release-macos-x86_64, r-release-windows-ix86+x86_64