CRAN Package Check Results for Package Compack

Last updated on 2022-01-22 00:48:20 CET.

Flavor Version Tinstall Tcheck Ttotal Status Flags
r-devel-linux-x86_64-debian-clang 0.1.0 49.21 333.49 382.70 NOTE
r-devel-linux-x86_64-debian-gcc 0.1.0 33.49 269.98 303.47 NOTE
r-devel-linux-x86_64-fedora-clang 0.1.0 490.38 NOTE
r-devel-linux-x86_64-fedora-gcc 0.1.0 459.92 NOTE
r-devel-windows-x86_64-new-UL 0.1.0 87.00 391.00 478.00 NOTE
r-devel-windows-x86_64-new-TK 0.1.0 NOTE
r-patched-linux-x86_64 0.1.0 36.26 333.44 369.70 NOTE
r-release-linux-x86_64 0.1.0 30.84 336.04 366.88 NOTE
r-release-macos-arm64 0.1.0 NOTE
r-release-macos-x86_64 0.1.0 NOTE
r-release-windows-ix86+x86_64 0.1.0 107.00 456.00 563.00 NOTE
r-oldrel-macos-x86_64 0.1.0 OK
r-oldrel-windows-ix86+x86_64 0.1.0 106.00 473.00 579.00 OK

Check Details

Version: 0.1.0
Check: LazyData
Result: NOTE
     'LazyData' is specified without a 'data' directory
Flavors: r-devel-linux-x86_64-debian-clang, r-devel-linux-x86_64-debian-gcc, r-devel-linux-x86_64-fedora-clang, r-devel-linux-x86_64-fedora-gcc, r-devel-windows-x86_64-new-UL, r-devel-windows-x86_64-new-TK, r-patched-linux-x86_64, r-release-linux-x86_64, r-release-macos-arm64, r-release-macos-x86_64, r-release-windows-ix86+x86_64