CRAN Package Check Results for Package CompDist

Last updated on 2021-09-23 16:50:20 CEST.

Flavor Version Tinstall Tcheck Ttotal Status Flags
r-devel-linux-x86_64-debian-clang 1.0 3.50 29.20 32.70 OK
r-devel-linux-x86_64-debian-gcc 1.0 2.47 22.79 25.26 OK
r-devel-linux-x86_64-fedora-clang 1.0 47.77 NOTE
r-devel-linux-x86_64-fedora-gcc 1.0 37.79 NOTE
r-devel-windows-x86_64 1.0 4.00 34.00 38.00 OK
r-devel-windows-x86_64-gcc10-UCRT 1.0 NOTE
r-patched-linux-x86_64 1.0 3.02 28.69 31.71 OK
r-patched-solaris-x86 1.0 57.30 NOTE
r-release-linux-x86_64 1.0 2.98 28.25 31.23 OK
r-release-macos-arm64 1.0 NOTE
r-release-macos-x86_64 1.0 NOTE
r-release-windows-ix86+x86_64 1.0 7.00 47.00 54.00 OK
r-oldrel-macos-x86_64 1.0 NOTE
r-oldrel-windows-ix86+x86_64 1.0 5.00 32.00 37.00 OK

Check Details

Version: 1.0
Check: dependencies in R code
Result: NOTE
    Namespaces in Imports field not imported from:
     ‘PearsonDS’ ‘VGAM’ ‘actuar’ ‘fExtremes’ ‘rmutil’
     All declared Imports should be used.
Flavors: r-devel-linux-x86_64-fedora-clang, r-devel-linux-x86_64-fedora-gcc, r-devel-windows-x86_64-gcc10-UCRT, r-patched-solaris-x86, r-release-macos-arm64, r-release-macos-x86_64, r-oldrel-macos-x86_64