CRAN Package Check Results for Package CommonMean.Copula

Last updated on 2021-06-17 21:52:38 CEST.

Flavor Version Tinstall Tcheck Ttotal Status Flags
r-devel-linux-x86_64-debian-clang 1.0.0 1.89 24.88 26.77 NOTE
r-devel-linux-x86_64-debian-gcc 1.0.0 1.57 19.80 21.37 NOTE
r-devel-linux-x86_64-fedora-clang 1.0.0 41.63 NOTE
r-devel-linux-x86_64-fedora-gcc 1.0.0 31.67 NOTE
r-devel-windows-x86_64 1.0.0 4.00 39.00 43.00 NOTE
r-devel-windows-x86_64-gcc10-UCRT 1.0.0 NOTE
r-patched-linux-x86_64 1.0.0 2.09 24.11 26.20 NOTE
r-patched-solaris-x86 1.0.0 52.80 NOTE
r-release-linux-x86_64 1.0.0 1.69 24.23 25.92 NOTE
r-release-macos-arm64 1.0.0 NOTE
r-release-macos-x86_64 1.0.0 NOTE
r-release-windows-ix86+x86_64 1.0.0 4.00 33.00 37.00 NOTE
r-oldrel-macos-x86_64 1.0.0 OK
r-oldrel-windows-ix86+x86_64 1.0.0 5.00 40.00 45.00 OK

Check Details

Version: 1.0.0
Check: LazyData
Result: NOTE
     'LazyData' is specified without a 'data' directory
Flavors: r-devel-linux-x86_64-debian-clang, r-devel-linux-x86_64-debian-gcc, r-devel-linux-x86_64-fedora-clang, r-devel-linux-x86_64-fedora-gcc, r-devel-windows-x86_64, r-devel-windows-x86_64-gcc10-UCRT, r-patched-linux-x86_64, r-patched-solaris-x86, r-release-linux-x86_64, r-release-macos-arm64, r-release-macos-x86_64, r-release-windows-ix86+x86_64