CRAN Package Check Results for Package CoSMoS

Last updated on 2021-06-20 09:49:45 CEST.

Flavor Version Tinstall Tcheck Ttotal Status Flags
r-devel-linux-x86_64-debian-clang 2.1.0 17.59 524.91 542.50 OK
r-devel-linux-x86_64-debian-gcc 2.1.0 13.60 393.61 407.21 OK
r-devel-linux-x86_64-fedora-clang 2.1.0 639.98 OK
r-devel-linux-x86_64-fedora-gcc 2.1.0 633.52 OK
r-devel-windows-x86_64 2.1.0 23.00 562.00 585.00 OK
r-devel-windows-x86_64-gcc10-UCRT 2.1.0 ERROR
r-patched-linux-x86_64 2.1.0 16.98 507.80 524.78 OK
r-patched-solaris-x86 2.1.0 1054.30 OK
r-release-linux-x86_64 2.1.0 12.67 502.65 515.32 OK
r-release-macos-arm64 2.1.0 OK
r-release-macos-x86_64 2.1.0 OK
r-release-windows-ix86+x86_64 2.1.0 30.00 546.00 576.00 OK
r-oldrel-macos-x86_64 2.1.0 OK
r-oldrel-windows-ix86+x86_64 2.1.0 28.00 470.00 498.00 OK

Check Details

Version: 2.1.0
Check: package dependencies
Result: ERROR
    Package required but not available: 'animation'
    
    See section 'The DESCRIPTION file' in the 'Writing R Extensions'
    manual.
Flavor: r-devel-windows-x86_64-gcc10-UCRT