CRAN Package Check Results for Package ClustGeo

Last updated on 2023-03-30 05:49:05 CEST.

Flavor Version Tinstall Tcheck Ttotal Status Flags
r-devel-linux-x86_64-debian-clang 2.1 1.79 35.58 37.37 OK
r-devel-linux-x86_64-debian-gcc 2.1 2.09 28.00 30.09 OK
r-devel-linux-x86_64-fedora-clang 2.1 48.75 NOTE
r-devel-linux-x86_64-fedora-gcc 2.1 57.41 NOTE
r-devel-windows-x86_64 2.1 13.00 74.00 87.00 OK
r-patched-linux-x86_64 2.1 2.28 33.88 36.16 OK
r-release-linux-x86_64 2.1 2.28 36.22 38.50 OK
r-release-macos-arm64 2.1 23.00 NOTE
r-release-macos-x86_64 2.1 33.00 NOTE
r-release-windows-x86_64 2.1 14.00 68.00 82.00 OK
r-oldrel-macos-arm64 2.1 24.00 NOTE
r-oldrel-macos-x86_64 2.1 32.00 NOTE
r-oldrel-windows-ix86+x86_64 2.1 7.00 67.00 74.00 OK

Check Details

Version: 2.1
Check: dependencies in R code
Result: NOTE
    Namespaces in Imports field not imported from:
     ‘sp’ ‘spdep’
     All declared Imports should be used.
Flavors: r-devel-linux-x86_64-fedora-clang, r-devel-linux-x86_64-fedora-gcc, r-release-macos-arm64, r-release-macos-x86_64, r-oldrel-macos-arm64, r-oldrel-macos-x86_64