CRAN Package Check Results for Package ClinicalUtilityRecal

Last updated on 2021-09-20 16:50:21 CEST.

Flavor Version Tinstall Tcheck Ttotal Status Flags
r-devel-linux-x86_64-debian-clang 0.1.0 14.43 122.40 136.83 OK
r-devel-linux-x86_64-debian-gcc 0.1.0 13.20 90.76 103.96 OK
r-devel-linux-x86_64-fedora-clang 0.1.0 170.41 OK
r-devel-linux-x86_64-fedora-gcc 0.1.0 157.65 OK
r-devel-windows-x86_64 0.1.0 20.00 102.00 122.00 OK
r-devel-windows-x86_64-gcc10-UCRT 0.1.0 ERROR
r-patched-linux-x86_64 0.1.0 14.42 114.65 129.07 OK
r-patched-solaris-x86 0.1.0 230.00 OK
r-release-linux-x86_64 0.1.0 14.19 114.54 128.73 OK
r-release-macos-arm64 0.1.0 OK
r-release-macos-x86_64 0.1.0 OK
r-release-windows-ix86+x86_64 0.1.0 34.00 144.00 178.00 OK
r-oldrel-macos-x86_64 0.1.0 OK
r-oldrel-windows-ix86+x86_64 0.1.0 35.00 110.00 145.00 OK

Check Details

Version: 0.1.0
Check: whether package can be installed
Result: WARN
    Found the following significant warnings:
     WARNING: installation-time patches will not be applied, could not get the patches index
Flavor: r-devel-windows-x86_64-gcc10-UCRT

Version: 0.1.0
Check: PDF version of manual
Result: WARN
    LaTeX errors when creating PDF version.
    This typically indicates Rd problems.
Flavor: r-devel-windows-x86_64-gcc10-UCRT

Version: 0.1.0
Check: PDF version of manual without hyperrefs or index
Result: ERROR
    Re-running with no redirection of stdout/stderr.
Flavor: r-devel-windows-x86_64-gcc10-UCRT