CRAN Package Check Results for Package CircularDDM

Last updated on 2022-01-28 00:48:50 CET.

Flavor Version Tinstall Tcheck Ttotal Status Flags
r-devel-linux-x86_64-debian-clang 0.1.0 36.70 34.89 71.59 NOTE
r-devel-linux-x86_64-debian-gcc 0.1.0 23.50 27.64 51.14 NOTE
r-devel-linux-x86_64-fedora-clang 0.1.0 93.22 NOTE
r-devel-linux-x86_64-fedora-gcc 0.1.0 80.29 NOTE
r-devel-windows-x86_64-new-UL 0.1.0 43.00 76.00 119.00 NOTE
r-devel-windows-x86_64-new-TK 0.1.0 NOTE
r-patched-linux-x86_64 0.1.0 26.14 33.00 59.14 NOTE
r-release-linux-x86_64 0.1.0 23.59 33.42 57.01 NOTE
r-release-macos-arm64 0.1.0 NOTE
r-release-macos-x86_64 0.1.0 NOTE
r-release-windows-ix86+x86_64 0.1.0 77.00 71.00 148.00 NOTE
r-oldrel-macos-x86_64 0.1.0 OK
r-oldrel-windows-ix86+x86_64 0.1.0 76.00 67.00 143.00 OK

Check Details

Version: 0.1.0
Check: LazyData
Result: NOTE
     'LazyData' is specified without a 'data' directory
Flavors: r-devel-linux-x86_64-debian-clang, r-devel-linux-x86_64-debian-gcc, r-devel-linux-x86_64-fedora-clang, r-devel-linux-x86_64-fedora-gcc, r-devel-windows-x86_64-new-UL, r-devel-windows-x86_64-new-TK, r-patched-linux-x86_64, r-release-linux-x86_64, r-release-macos-arm64, r-release-macos-x86_64, r-release-windows-ix86+x86_64