CRAN Package Check Results for Package ChargeTransport

Last updated on 2021-12-07 23:54:24 CET.

Flavor Version Tinstall Tcheck Ttotal Status Flags
r-devel-linux-x86_64-debian-clang 1.0.2 3.53 27.49 31.02 NOTE
r-devel-linux-x86_64-debian-gcc 1.0.2 2.43 28.14 30.57 NOTE
r-devel-linux-x86_64-fedora-clang 1.0.2 54.07 NOTE
r-devel-linux-x86_64-fedora-gcc 1.0.2 37.99 NOTE
r-devel-windows-x86_64-new-UL 1.0.2 16.00 69.00 85.00 NOTE
r-devel-windows-x86_64-new-TK 1.0.2 NOTE
r-devel-windows-x86_64-old 1.0.2 7.00 51.00 58.00 NOTE
r-patched-linux-x86_64 1.0.2 3.72 34.56 38.28 NOTE
r-release-linux-x86_64 1.0.2 3.06 34.68 37.74 NOTE
r-release-macos-arm64 1.0.2 NOTE
r-release-macos-x86_64 1.0.2 NOTE
r-release-windows-ix86+x86_64 1.0.2 10.00 61.00 71.00 NOTE
r-oldrel-macos-x86_64 1.0.2 NOTE
r-oldrel-windows-ix86+x86_64 1.0.2 8.00 61.00 69.00 NOTE

Check Details

Version: 1.0.2
Check: R code for possible problems
Result: NOTE
    Hartree2Joule: no visible binding for global variable
     'universalConstants'
    Hertz2Joule: no visible binding for global variable
     'universalConstants'
    Joule2Hartree: no visible binding for global variable
     'universalConstants'
    Joule2Hertz: no visible binding for global variable
     'universalConstants'
    Joule2Kelvin: no visible binding for global variable
     'universalConstants'
    Joule2centimeterMinusOne: no visible binding for global variable
     'universalConstants'
    Joule2electronVolt: no visible binding for global variable
     'universalConstants'
    Joule2kiloCaloriePerMole: no visible binding for global variable
     'universalConstants'
    Joule2kiloJoulePerMole: no visible binding for global variable
     'universalConstants'
    KMC: no visible global function definition for 'runif'
    Kelvin2Joule: no visible binding for global variable
     'universalConstants'
    LandauZener: no visible binding for global variable
     'universalConstants'
    LandauZenerProbability: no visible binding for global variable
     'universalConstants'
    Marcus: no visible binding for global variable 'universalConstants'
    MarcusLevichJortner: no visible binding for global variable
     'universalConstants'
    centimeterMinusOne2Joule: no visible binding for global variable
     'universalConstants'
    electronVolt2Joule: no visible binding for global variable
     'universalConstants'
    kiloCaloriePerMole2Joule: no visible binding for global variable
     'universalConstants'
    kiloJoulePerMole2Joule: no visible binding for global variable
     'universalConstants'
    Undefined global functions or variables:
     runif universalConstants
    Consider adding
     importFrom("stats", "runif")
    to your NAMESPACE file.
Flavors: r-devel-linux-x86_64-debian-clang, r-devel-linux-x86_64-debian-gcc, r-devel-linux-x86_64-fedora-clang, r-devel-linux-x86_64-fedora-gcc, r-devel-windows-x86_64-new-UL, r-devel-windows-x86_64-new-TK, r-devel-windows-x86_64-old, r-patched-linux-x86_64, r-release-linux-x86_64, r-release-macos-arm64, r-release-macos-x86_64, r-release-windows-ix86+x86_64, r-oldrel-macos-x86_64, r-oldrel-windows-ix86+x86_64

Version: 1.0.2
Check: compiled code
Result: NOTE
    File ‘ChargeTransport/libs/ChargeTransport.so’:
     Found no calls to: ‘R_registerRoutines’, ‘R_useDynamicSymbols’
    
    It is good practice to register native routines and to disable symbol
    search.
    
    See ‘Writing portable packages’ in the ‘Writing R Extensions’ manual.
Flavors: r-devel-linux-x86_64-fedora-clang, r-devel-linux-x86_64-fedora-gcc