CRAN Package Check Results for Package ChannelAttributionApp

Last updated on 2024-07-24 06:57:11 CEST.

Flavor Version Tinstall Tcheck Ttotal Status Flags
r-devel-linux-x86_64-debian-clang 1.3 7.02 57.81 64.83 NOTE
r-devel-linux-x86_64-debian-gcc 1.3 4.57 43.91 48.48 NOTE
r-devel-linux-x86_64-fedora-clang 1.3 80.33 NOTE
r-devel-linux-x86_64-fedora-gcc 1.3 74.38 NOTE
r-devel-windows-x86_64 1.3 7.00 60.00 67.00 NOTE
r-patched-linux-x86_64 1.3 5.80 55.07 60.87 NOTE
r-release-linux-x86_64 1.3 6.42 54.15 60.57 NOTE
r-release-macos-arm64 1.3 27.00 NOTE
r-release-macos-x86_64 1.3 40.00 NOTE
r-release-windows-x86_64 1.3 8.00 61.00 69.00 NOTE
r-oldrel-macos-arm64 1.3 29.00 NOTE
r-oldrel-macos-x86_64 1.3 41.00 NOTE
r-oldrel-windows-x86_64 1.3 9.00 66.00 75.00 NOTE

Check Details

Version: 1.3
Check: LazyData
Result: NOTE 'LazyData' is specified without a 'data' directory Flavors: r-devel-linux-x86_64-debian-clang, r-devel-linux-x86_64-debian-gcc, r-devel-linux-x86_64-fedora-clang, r-devel-linux-x86_64-fedora-gcc, r-devel-windows-x86_64, r-patched-linux-x86_64, r-release-linux-x86_64, r-release-macos-arm64, r-release-macos-x86_64, r-release-windows-x86_64, r-oldrel-macos-arm64, r-oldrel-macos-x86_64, r-oldrel-windows-x86_64