CRAN Package Check Results for Package ChangePointTaylor

Last updated on 2022-10-05 00:04:26 CEST.

Flavor Version Tinstall Tcheck Ttotal Status Flags
r-devel-linux-x86_64-debian-clang 0.2 39.63 71.48 111.11 OK
r-devel-linux-x86_64-debian-gcc 0.2 30.64 50.84 81.48 OK
r-devel-linux-x86_64-fedora-clang 0.2 166.41 NOTE
r-devel-linux-x86_64-fedora-gcc 0.2 146.37 NOTE
r-devel-windows-x86_64 0.2 71.00 424.00 495.00 OK
r-patched-linux-x86_64 0.2 30.69 66.82 97.51 OK
r-release-linux-x86_64 0.2 34.34 66.79 101.13 OK
r-release-macos-arm64 0.2 142.00 NOTE
r-release-macos-x86_64 0.2 224.00 NOTE
r-release-windows-x86_64 0.2 76.00 421.00 497.00 OK
r-oldrel-macos-arm64 0.2 116.00 NOTE
r-oldrel-macos-x86_64 0.2 161.00 NOTE
r-oldrel-windows-ix86+x86_64 0.2 99.00 452.00 551.00 OK

Check Details

Version: 0.2
Check: dependencies in R code
Result: NOTE
    Namespaces in Imports field not imported from:
     ‘bench’ ‘ggplot2’
     All declared Imports should be used.
Flavors: r-devel-linux-x86_64-fedora-clang, r-devel-linux-x86_64-fedora-gcc, r-release-macos-arm64, r-release-macos-x86_64, r-oldrel-macos-arm64, r-oldrel-macos-x86_64