CRAN Package Check Results for Package ChangePointTaylor

Last updated on 2021-10-20 04:55:15 CEST.

Flavor Version Tinstall Tcheck Ttotal Status Flags
r-devel-linux-x86_64-debian-clang 0.1.1 39.93 47.92 87.85 OK
r-devel-linux-x86_64-debian-gcc 0.1.1 25.73 36.45 62.18 OK
r-devel-linux-x86_64-fedora-clang 0.1.1 134.59 NOTE
r-devel-linux-x86_64-fedora-gcc 0.1.1 109.31 NOTE
r-devel-windows-x86_64 0.1.1 51.00 185.00 236.00 OK
r-devel-windows-x86_64-gcc10-UCRT 0.1.1 NOTE
r-patched-linux-x86_64 0.1.1 29.46 45.42 74.88 OK
r-patched-solaris-x86 0.1.1 130.10 NOTE
r-release-linux-x86_64 0.1.1 25.19 46.92 72.11 OK
r-release-macos-arm64 0.1.1 NOTE
r-release-macos-x86_64 0.1.1 NOTE
r-release-windows-ix86+x86_64 0.1.1 90.00 207.00 297.00 OK
r-oldrel-macos-x86_64 0.1.1 NOTE
r-oldrel-windows-ix86+x86_64 0.1.1 93.00 201.00 294.00 OK

Check Details

Version: 0.1.1
Check: dependencies in R code
Result: NOTE
    Namespaces in Imports field not imported from:
     ‘bench’ ‘ggplot2’
     All declared Imports should be used.
Flavors: r-devel-linux-x86_64-fedora-clang, r-devel-linux-x86_64-fedora-gcc, r-devel-windows-x86_64-gcc10-UCRT, r-patched-solaris-x86, r-release-macos-arm64, r-release-macos-x86_64, r-oldrel-macos-x86_64