Last updated on 2022-07-04 05:50:02 CEST.
Flavor | Version | Tinstall | Tcheck | Ttotal | Status | Flags |
---|---|---|---|---|---|---|
r-devel-linux-x86_64-debian-clang | 0.2.0 | 9.82 | 48.82 | 58.64 | OK | |
r-devel-linux-x86_64-debian-gcc | 0.2.0 | 7.91 | 38.23 | 46.14 | OK | |
r-devel-linux-x86_64-fedora-clang | 0.2.0 | 80.81 | NOTE | |||
r-devel-linux-x86_64-fedora-gcc | 0.2.0 | 79.48 | NOTE | |||
r-devel-windows-x86_64 | 0.2.0 | 29.00 | 93.00 | 122.00 | OK | |
r-patched-linux-x86_64 | 0.2.0 | 10.68 | 47.22 | 57.90 | OK | |
r-release-linux-x86_64 | 0.2.0 | 9.81 | 47.43 | 57.24 | OK | |
r-release-macos-arm64 | 0.2.0 | 30.00 | NOTE | |||
r-release-macos-x86_64 | 0.2.0 | 36.00 | NOTE | |||
r-release-windows-x86_64 | 0.2.0 | 51.00 | 89.00 | 140.00 | OK | |
r-oldrel-macos-arm64 | 0.2.0 | 31.00 | NOTE | |||
r-oldrel-macos-x86_64 | 0.2.0 | 48.00 | NOTE | |||
r-oldrel-windows-ix86+x86_64 | 0.2.0 | 16.00 | 86.00 | 102.00 | OK |
Version: 0.2.0
Check: dependencies in R code
Result: NOTE
Namespace in Imports field not imported from: ‘data.table’
All declared Imports should be used.
Flavors: r-devel-linux-x86_64-fedora-clang, r-devel-linux-x86_64-fedora-gcc, r-release-macos-arm64, r-release-macos-x86_64, r-oldrel-macos-arm64, r-oldrel-macos-x86_64